{"id":796,"date":"2026-03-03T07:25:38","date_gmt":"2026-03-03T07:25:38","guid":{"rendered":"https:\/\/www.monteure-auf-zeit.de\/home\/?page_id=796"},"modified":"2026-03-12T08:21:22","modified_gmt":"2026-03-12T08:21:22","slug":"reinraumpaneele","status":"publish","type":"page","link":"https:\/\/www.monteure-auf-zeit.de\/home\/leistungen\/kuehlraumpaneele-isolierbau\/reinraumpaneele\/","title":{"rendered":"Reinraumpaneele"},"content":{"rendered":"<div id='av_section_1'  class='avia-section av-1q6vdo-eeeb3df74fdddf1920a39c24087440fc main_color avia-section-default avia-no-border-styling  avia-builder-el-0  el_before_av_section  avia-builder-el-first  avia-bg-style-scroll container_wrap sidebar_right'  ><div class='container av-section-cont-open' ><main  role=\"main\" itemprop=\"mainContentOfPage\"  class='template-page content  av-content-small alpha units'><div class='post-entry post-entry-type-page post-entry-796'><div class='entry-content-wrapper clearfix'>\n<div  class='flex_column av-1k9pro-0bf410e4429c8716ee0b0766c00ee843 av_one_full  avia-builder-el-1  el_before_av_one_full  avia-builder-el-first  first flex_column_div  '     ><section  class='av_textblock_section av-mman9hd9-569bb7c35f96d880f688bb656dad0b5f '   itemscope=\"itemscope\" itemtype=\"https:\/\/schema.org\/CreativeWork\" ><div class='avia_textblock'  itemprop=\"text\" ><h1>Montage von Reinraumpaneelen im Industrie- und Hallenbau<\/h1>\n<p>Reinraumpaneele werden im Industrie- und Hallenbau eingesetzt, wenn kontrollierte Produktionsbedingungen mit hohen Anforderungen an Luftreinheit, Hygiene und Temperaturstabilit\u00e4t erforderlich sind. Sie kommen insbesondere in der Pharmaindustrie, Medizintechnik, Lebensmittelproduktion sowie in sensiblen technischen Fertigungsbereichen zum Einsatz. Die fachgerechte Montage ist entscheidend, um definierte Reinraumklassen dauerhaft einzuhalten.<\/p>\n<p>Unsere erfahrenen Monteure unterst\u00fctzen Bauunternehmen, Reinraumbauer und Isolierbauunternehmen bei der pr\u00e4zisen Montage von Reinraumpaneelen. Die Arbeiten erfolgen strukturiert nach technischen Detailzeichnungen, Reinraumkonzepten und projektspezifischen Vorgaben. Bundesweit einsetzbar und bei Bedarf auch kurzfristig verf\u00fcgbar.<\/p>\n<\/div><\/section><\/div><div class='flex_column_table av-1fo2t0-d177cdcef18a50d1c1e5a3390097d761 sc-av_one_full av-equal-height-column-flextable'><div  class='flex_column av-1fo2t0-d177cdcef18a50d1c1e5a3390097d761 av_one_full  avia-builder-el-3  el_after_av_one_full  el_before_av_one_full  first flex_column_table_cell av-equal-height-column av-align-middle  column-top-margin'     ><section  class='av_textblock_section av-mman9m5u-f18a302494e6092ddc004766f88bbc7a '   itemscope=\"itemscope\" itemtype=\"https:\/\/schema.org\/CreativeWork\" ><div class='avia_textblock'  itemprop=\"text\" ><h2>Technische Anforderungen an Reinraumpaneele<\/h2>\n<p>Reinraumpaneele verf\u00fcgen \u00fcber spezielle Oberfl\u00e4chenbeschichtungen und Verbindungssysteme, die eine glatte, leicht zu reinigende und partikelfreie Umgebung erm\u00f6glichen. Fugen, \u00dcberg\u00e4nge und Anschlussdetails m\u00fcssen exakt ausgef\u00fchrt werden, um das Eindringen von Partikeln oder unkontrollierte Luftstr\u00f6mungen zu verhindern.<\/p>\n<p>Unsere Montageteams \u00fcbernehmen unter anderem:<\/p>\n<ul>\n<li>Montage von Reinraum-Wandpaneelen<\/li>\n<li>Montage von Reinraum-Deckenpaneelen<\/li>\n<li>Ausbildung luftdichter Fugen und \u00dcberg\u00e4nge<\/li>\n<li>Integration von Reinraumt\u00fcren und Sichtfenstern<\/li>\n<li>Anpassungsarbeiten an technische Installationen<\/li>\n<\/ul>\n<p>Die pr\u00e4zise Ausrichtung der Paneele ist entscheidend f\u00fcr die Funktionsf\u00e4higkeit des gesamten Reinraumsystems.<\/p>\n<h2><\/h2>\n<\/div><\/section><\/div><\/div><!--close column table wrapper. Autoclose: 1 --><div  class='flex_column av-xcdks-833b35ffd263f4af17d398e947d05574 av_one_full  avia-builder-el-5  el_after_av_one_full  avia-builder-el-last  first flex_column_div  column-top-margin'     ><section  class='av_textblock_section av-mman9ptw-72a634d7a63f4b5334f4410f7cdf6871 '   itemscope=\"itemscope\" itemtype=\"https:\/\/schema.org\/CreativeWork\" ><div class='avia_textblock'  itemprop=\"text\" ><h2>Luftdichtheit und kontrollierte Umgebung<\/h2>\n<p>Im Reinraumbau spielt die kontrollierte Luftf\u00fchrung eine zentrale Rolle. Undichte Anschlussstellen oder ungenaue Fugen k\u00f6nnen die Einhaltung der definierten Reinraumklasse beeintr\u00e4chtigen. Unsere erfahrenen Monteure arbeiten daher besonders sorgf\u00e4ltig bei der Ausbildung aller Sto\u00df- und Anschlussbereiche.<\/p>\n<p>Die Montage erfolgt unter Ber\u00fccksichtigung der jeweiligen Luftwechselraten, Druckverh\u00e4ltnisse und technischen Systemvorgaben.<\/p>\n<h2>Integration technischer Komponenten<\/h2>\n<p>Reinraumpaneele m\u00fcssen h\u00e4ufig mit L\u00fcftungsanlagen, Filtertechnik, Beleuchtungssystemen oder Medienf\u00fchrungen kombiniert werden. Die pr\u00e4zise Integration dieser Komponenten erfordert eine strukturierte Abstimmung mit angrenzenden Gewerken.<\/p>\n<p>Unsere Montageteams unterst\u00fctzen bei der sauberen Einbindung technischer Einbauten und sorgen f\u00fcr eine funktionsf\u00e4hige Gesamtkonstruktion.<\/p>\n<h2>Einsatzbereiche f\u00fcr Reinraumpaneele<\/h2>\n<p>Unsere Montageteams unterst\u00fctzen Reinraumprojekte in:<\/p>\n<ul>\n<li>Pharma-Produktionsanlagen<\/li>\n<li>Lebensmittelverarbeitungsbetrieben<\/li>\n<li>Medizintechnischen Fertigungsst\u00e4tten<\/li>\n<li>Labor- und Technikbereichen<\/li>\n<li>Sensiblen Produktionszonen innerhalb von Industrieanlagen<\/li>\n<\/ul>\n<p>Durch unsere Spezialisierung auf Industrie- und Hallenbau sind unsere Teams mit gro\u00dffl\u00e4chigen Montageprojekten sowie strukturierten Bauabl\u00e4ufen vertraut.<\/p>\n<h2>Montage unter kontrollierten Bedingungen<\/h2>\n<p>Die Installation von Reinraumpaneelen erfolgt h\u00e4ufig unter erh\u00f6hten Anforderungen an Sauberkeit und Dokumentation. Teilweise werden Montagearbeiten in Bauphasen mit bereits definierten Hygienestandards durchgef\u00fchrt.<\/p>\n<p>Unsere erfahrenen Monteure arbeiten planorientiert und unter Einhaltung aller geltenden Sicherheits- und Baustellenvorgaben. Eine klare interne Abstimmung sorgt f\u00fcr effiziente und strukturierte Abl\u00e4ufe.<\/p>\n<h2>Montageteams ab zwei erfahrenen Monteuren<\/h2>\n<p>Wir stellen eingespielte Montageteams mit mindestens zwei erfahrenen Monteuren zur Verf\u00fcgung. Je nach Projektgr\u00f6\u00dfe und Reinraumumfang k\u00f6nnen entsprechend gr\u00f6\u00dfere Teams eingesetzt werden.<\/p>\n<p>Diese Teamstruktur gew\u00e4hrleistet sichere Arbeitsabl\u00e4ufe, eine koordinierte Umsetzung und eine pr\u00e4zise Montage auch bei technisch anspruchsvollen Reinraumprojekten.<\/p>\n<h2>Ihr Partner f\u00fcr Reinraumpaneel-Montage<\/h2>\n<p>Reinraumpaneele im Industrie- und Hallenbau erfordern h\u00f6chste Pr\u00e4zision, Erfahrung und eine strukturierte Arbeitsweise. Mit unseren spezialisierten Montageteams unterst\u00fctzen wir Ihr Projekt von der Unterkonstruktion bis zur fertig montierten Reinraumkonstruktion \u2013 flexibel und bundesweit einsetzbar.<\/p>\n<p>Wir stellen qualifizierte und erfahrene Montageteams f\u00fcr Reinraumpaneele im gesamten Bundesgebiet zur Verf\u00fcgung.<\/p>\n<\/div><\/section><\/div><\/div><\/div><\/main><!-- close content main element --><\/div><\/div>\n<style type=\"text\/css\" data-created_by=\"avia_inline_auto\" id=\"style-css-av-qk1a4-998b768445a868dd6b930e25fd3bd9cf\">\n.avia-section.av-qk1a4-998b768445a868dd6b930e25fd3bd9cf{\nposition:relative;\n}\n.avia-section.av-qk1a4-998b768445a868dd6b930e25fd3bd9cf .av-parallax .av-parallax-inner{\nbackground-repeat:no-repeat;\nbackground-image:url(https:\/\/www.monteure-auf-zeit.de\/home\/wp-content\/uploads\/2022\/03\/AdobeStock_43086186.jpeg);\nbackground-position:50% 50%;\nbackground-attachment:scroll;\n}\n.avia-section.av-qk1a4-998b768445a868dd6b930e25fd3bd9cf .av-section-color-overlay{\nopacity:0.5;\nbackground-color:#000000;\n}\n.avia-section.av-qk1a4-998b768445a868dd6b930e25fd3bd9cf .avia-divider-svg-top svg{\nheight:50px;\nwidth:calc(100% + 1.3px);\nfill:#ffffff;\n}\n<\/style>\n<div id='av_section_2'  class='avia-section av-qk1a4-998b768445a868dd6b930e25fd3bd9cf main_color avia-section-default avia-no-border-styling  avia-builder-el-7  el_after_av_section  avia-builder-el-last  avia-full-stretch av-parallax-section avia-bg-style-parallax av-section-color-overlay-active av-minimum-height av-minimum-height-50 av-height-50  container_wrap sidebar_right'  data-section-bg-repeat='stretch' data-av_minimum_height_pc='50' data-av_min_height_opt='50'><div class='avia-divider-svg avia-divider-svg-curve avia-divider-svg-top avia-to-front avia-svg-original'><svg xmlns=\"http:\/\/www.w3.org\/2000\/svg\" viewBox=\"0 0 1000 100\" preserveAspectRatio=\"none\">\n    <path d=\"M1000,4.3V0H0v4.3C0.9,23.1,126.7,99.2,500,100S1000,22.7,1000,4.3z\"\/>\n<\/svg><\/div><div class='av-parallax' data-avia-parallax-ratio='0.3' ><div class='av-parallax-inner main_color avia-full-stretch'><\/div><\/div><div class=\"av-section-color-overlay-wrap\"><div class=\"av-section-color-overlay\"><\/div><div class='container av-section-cont-open' ><div class='template-page content  av-content-small alpha units'><div class='post-entry post-entry-type-page post-entry-796'><div class='entry-content-wrapper clearfix'>\n\n<style type=\"text\/css\" data-created_by=\"avia_inline_auto\" id=\"style-css-av-mj6rw-3ec95d1aa5d64aa7ac79279dbc6e51ad\">\n.flex_column.av-mj6rw-3ec95d1aa5d64aa7ac79279dbc6e51ad{\nborder-radius:0px 0px 0px 0px;\npadding:0px 0px 0px 0px;\n}\n<\/style>\n<div  class='flex_column av-mj6rw-3ec95d1aa5d64aa7ac79279dbc6e51ad av_one_fifth  avia-builder-el-8  el_before_av_three_fifth  avia-builder-el-first  first flex_column_div av-zero-column-padding  '     ><\/div>\n<style type=\"text\/css\" data-created_by=\"avia_inline_auto\" id=\"style-css-av-g8c3w-a697ed7098e35e103c816459326b7f2e\">\n.flex_column.av-g8c3w-a697ed7098e35e103c816459326b7f2e{\nborder-radius:0px 0px 0px 0px;\npadding:0px 0px 0px 0px;\n}\n<\/style>\n<div  class='flex_column av-g8c3w-a697ed7098e35e103c816459326b7f2e av_three_fifth  avia-builder-el-9  el_after_av_one_fifth  avia-builder-el-last  flex_column_div av-zero-column-padding  '     ><div  class='avia-button-wrap avia-button-center  avia-builder-el-10  avia-builder-el-no-sibling '>\n<style type=\"text\/css\" data-created_by=\"avia_inline_auto\" id=\"style-css-av-absvg-f9b2c301d5310eff7f2f26b871a6b51e\">\n#top #wrap_all .avia-button.av-absvg-f9b2c301d5310eff7f2f26b871a6b51e{\ncolor:#ffffff;\ntransition:all 0.4s ease-in-out;\n}\n#top #wrap_all .avia-button.av-absvg-f9b2c301d5310eff7f2f26b871a6b51e:hover{\ncolor:#ffffff;\ntransition:all 0.4s ease-in-out;\n}\n<\/style>\n<a href='https:\/\/www.monteure-auf-zeit.de\/home\/kontakt\/' class='avia-color-theme-color avia-button avia-button-fullwidth av-absvg-f9b2c301d5310eff7f2f26b871a6b51e avia-icon_select-yes-left-icon avia-color-theme-color'   aria-label=\"Hier geht\u2019s zum ersten Kontakt!\"><span class='avia_button_icon avia_button_icon_left' aria-hidden='true' data-av_icon='\ue80b' data-av_iconfont='entypo-fontello'><\/span><span class='avia_iconbox_title' >Hier geht\u2019s zum ersten Kontakt!<\/span><span class='avia_button_background avia-button avia-button-fullwidth avia-color-theme-color-highlight'><\/span><\/a><\/div><\/div>\n<\/div><\/div><\/div><!-- close content main div --><\/div><\/div><\/div><div id='after_section_2'  class='main_color av_default_container_wrap container_wrap sidebar_right'  ><div class='container av-section-cont-open' ><div class='template-page content  av-content-small alpha units'><div class='post-entry post-entry-type-page post-entry-796'><div class='entry-content-wrapper clearfix'><\/p>\n","protected":false},"excerpt":{"rendered":"","protected":false},"author":1,"featured_media":0,"parent":790,"menu_order":0,"comment_status":"closed","ping_status":"closed","template":"","meta":{"footnotes":""},"class_list":["post-796","page","type-page","status-publish","hentry"],"yoast_head":"<!-- This site is optimized with the Yoast SEO plugin v27.1.1 - https:\/\/yoast.com\/product\/yoast-seo-wordpress\/ -->\n<title>Reinraumpaneele | Erfahrene Monteure | kurzfristig einsatzbereit<\/title>\n<meta name=\"description\" content=\"Reinraumpaneele Montageteams f\u00fcr Metall-, Fassaden- und Paneelbau sowie K\u00fchlraumbau \u2013 \u2713erfahren \u2713pr\u00e4zise \u2713bundesweit kurzfristig einsatzbereit.\" \/>\n<meta name=\"robots\" content=\"index, follow, max-snippet:-1, max-image-preview:large, max-video-preview:-1\" \/>\n<link rel=\"canonical\" href=\"https:\/\/www.monteure-auf-zeit.de\/home\/leistungen\/kuehlraumpaneele-isolierbau\/reinraumpaneele\/\" \/>\n<meta property=\"og:locale\" content=\"de_DE\" \/>\n<meta property=\"og:type\" content=\"article\" \/>\n<meta property=\"og:title\" content=\"Reinraumpaneele | Erfahrene Monteure | kurzfristig einsatzbereit\" \/>\n<meta property=\"og:description\" content=\"Reinraumpaneele Montageteams f\u00fcr Metall-, Fassaden- und Paneelbau sowie K\u00fchlraumbau \u2013 \u2713erfahren \u2713pr\u00e4zise \u2713bundesweit kurzfristig einsatzbereit.\" \/>\n<meta property=\"og:url\" content=\"https:\/\/www.monteure-auf-zeit.de\/home\/leistungen\/kuehlraumpaneele-isolierbau\/reinraumpaneele\/\" \/>\n<meta property=\"og:site_name\" content=\"Pientka Monteure auf Zeit\" \/>\n<meta property=\"article:modified_time\" content=\"2026-03-12T08:21:22+00:00\" \/>\n<meta name=\"twitter:card\" content=\"summary_large_image\" \/>\n<meta name=\"twitter:label1\" content=\"Gesch\u00e4tzte Lesezeit\" \/>\n\t<meta name=\"twitter:data1\" content=\"16\u00a0Minuten\" \/>\n<script type=\"application\/ld+json\" class=\"yoast-schema-graph\">{\"@context\":\"https:\/\/schema.org\",\"@graph\":[{\"@type\":\"WebPage\",\"@id\":\"https:\/\/www.monteure-auf-zeit.de\/home\/leistungen\/kuehlraumpaneele-isolierbau\/reinraumpaneele\/\",\"url\":\"https:\/\/www.monteure-auf-zeit.de\/home\/leistungen\/kuehlraumpaneele-isolierbau\/reinraumpaneele\/\",\"name\":\"Reinraumpaneele | Erfahrene Monteure | kurzfristig einsatzbereit\",\"isPartOf\":{\"@id\":\"https:\/\/www.monteure-auf-zeit.de\/home\/#website\"},\"datePublished\":\"2026-03-03T07:25:38+00:00\",\"dateModified\":\"2026-03-12T08:21:22+00:00\",\"description\":\"Reinraumpaneele Montageteams f\u00fcr Metall-, Fassaden- und Paneelbau sowie K\u00fchlraumbau \u2013 \u2713erfahren \u2713pr\u00e4zise \u2713bundesweit kurzfristig einsatzbereit.\",\"breadcrumb\":{\"@id\":\"https:\/\/www.monteure-auf-zeit.de\/home\/leistungen\/kuehlraumpaneele-isolierbau\/reinraumpaneele\/#breadcrumb\"},\"inLanguage\":\"de\",\"potentialAction\":[{\"@type\":\"ReadAction\",\"target\":[\"https:\/\/www.monteure-auf-zeit.de\/home\/leistungen\/kuehlraumpaneele-isolierbau\/reinraumpaneele\/\"]}]},{\"@type\":\"BreadcrumbList\",\"@id\":\"https:\/\/www.monteure-auf-zeit.de\/home\/leistungen\/kuehlraumpaneele-isolierbau\/reinraumpaneele\/#breadcrumb\",\"itemListElement\":[{\"@type\":\"ListItem\",\"position\":1,\"name\":\"Start\",\"item\":\"https:\/\/www.monteure-auf-zeit.de\/home\/home\/\"},{\"@type\":\"ListItem\",\"position\":2,\"name\":\"Leistungen\",\"item\":\"https:\/\/www.monteure-auf-zeit.de\/home\/leistungen\/\"},{\"@type\":\"ListItem\",\"position\":3,\"name\":\"K\u00fchlraumpaneele &#038; Isolierbau\",\"item\":\"https:\/\/www.monteure-auf-zeit.de\/home\/leistungen\/kuehlraumpaneele-isolierbau\/\"},{\"@type\":\"ListItem\",\"position\":4,\"name\":\"Reinraumpaneele\"}]},{\"@type\":\"WebSite\",\"@id\":\"https:\/\/www.monteure-auf-zeit.de\/home\/#website\",\"url\":\"https:\/\/www.monteure-auf-zeit.de\/home\/\",\"name\":\"Pientka Monteure auf Zeit\",\"description\":\"Erfahrene Monteure deutschlandweit kurzfristig einsatzbereit\",\"publisher\":{\"@id\":\"https:\/\/www.monteure-auf-zeit.de\/home\/#organization\"},\"potentialAction\":[{\"@type\":\"SearchAction\",\"target\":{\"@type\":\"EntryPoint\",\"urlTemplate\":\"https:\/\/www.monteure-auf-zeit.de\/home\/?s={search_term_string}\"},\"query-input\":{\"@type\":\"PropertyValueSpecification\",\"valueRequired\":true,\"valueName\":\"search_term_string\"}}],\"inLanguage\":\"de\"},{\"@type\":\"Organization\",\"@id\":\"https:\/\/www.monteure-auf-zeit.de\/home\/#organization\",\"name\":\"Pientka Monteure auf Zeit\",\"url\":\"https:\/\/www.monteure-auf-zeit.de\/home\/\",\"logo\":{\"@type\":\"ImageObject\",\"inLanguage\":\"de\",\"@id\":\"https:\/\/www.monteure-auf-zeit.de\/home\/#\/schema\/logo\/image\/\",\"url\":\"https:\/\/www.monteure-auf-zeit.de\/home\/wp-content\/uploads\/2022\/03\/logo_zeit_abstand.png\",\"contentUrl\":\"https:\/\/www.monteure-auf-zeit.de\/home\/wp-content\/uploads\/2022\/03\/logo_zeit_abstand.png\",\"width\":703,\"height\":674,\"caption\":\"Pientka Monteure auf Zeit\"},\"image\":{\"@id\":\"https:\/\/www.monteure-auf-zeit.de\/home\/#\/schema\/logo\/image\/\"}}]}<\/script>\n<!-- \/ Yoast SEO plugin. -->","yoast_head_json":{"title":"Reinraumpaneele | Erfahrene Monteure | kurzfristig einsatzbereit","description":"Reinraumpaneele Montageteams f\u00fcr Metall-, Fassaden- und Paneelbau sowie K\u00fchlraumbau \u2013 \u2713erfahren \u2713pr\u00e4zise \u2713bundesweit kurzfristig einsatzbereit.","robots":{"index":"index","follow":"follow","max-snippet":"max-snippet:-1","max-image-preview":"max-image-preview:large","max-video-preview":"max-video-preview:-1"},"canonical":"https:\/\/www.monteure-auf-zeit.de\/home\/leistungen\/kuehlraumpaneele-isolierbau\/reinraumpaneele\/","og_locale":"de_DE","og_type":"article","og_title":"Reinraumpaneele | Erfahrene Monteure | kurzfristig einsatzbereit","og_description":"Reinraumpaneele Montageteams f\u00fcr Metall-, Fassaden- und Paneelbau sowie K\u00fchlraumbau \u2013 \u2713erfahren \u2713pr\u00e4zise \u2713bundesweit kurzfristig einsatzbereit.","og_url":"https:\/\/www.monteure-auf-zeit.de\/home\/leistungen\/kuehlraumpaneele-isolierbau\/reinraumpaneele\/","og_site_name":"Pientka Monteure auf Zeit","article_modified_time":"2026-03-12T08:21:22+00:00","twitter_card":"summary_large_image","twitter_misc":{"Gesch\u00e4tzte Lesezeit":"16\u00a0Minuten"},"schema":{"@context":"https:\/\/schema.org","@graph":[{"@type":"WebPage","@id":"https:\/\/www.monteure-auf-zeit.de\/home\/leistungen\/kuehlraumpaneele-isolierbau\/reinraumpaneele\/","url":"https:\/\/www.monteure-auf-zeit.de\/home\/leistungen\/kuehlraumpaneele-isolierbau\/reinraumpaneele\/","name":"Reinraumpaneele | Erfahrene Monteure | kurzfristig einsatzbereit","isPartOf":{"@id":"https:\/\/www.monteure-auf-zeit.de\/home\/#website"},"datePublished":"2026-03-03T07:25:38+00:00","dateModified":"2026-03-12T08:21:22+00:00","description":"Reinraumpaneele Montageteams f\u00fcr Metall-, Fassaden- und Paneelbau sowie K\u00fchlraumbau \u2013 \u2713erfahren \u2713pr\u00e4zise \u2713bundesweit kurzfristig einsatzbereit.","breadcrumb":{"@id":"https:\/\/www.monteure-auf-zeit.de\/home\/leistungen\/kuehlraumpaneele-isolierbau\/reinraumpaneele\/#breadcrumb"},"inLanguage":"de","potentialAction":[{"@type":"ReadAction","target":["https:\/\/www.monteure-auf-zeit.de\/home\/leistungen\/kuehlraumpaneele-isolierbau\/reinraumpaneele\/"]}]},{"@type":"BreadcrumbList","@id":"https:\/\/www.monteure-auf-zeit.de\/home\/leistungen\/kuehlraumpaneele-isolierbau\/reinraumpaneele\/#breadcrumb","itemListElement":[{"@type":"ListItem","position":1,"name":"Start","item":"https:\/\/www.monteure-auf-zeit.de\/home\/home\/"},{"@type":"ListItem","position":2,"name":"Leistungen","item":"https:\/\/www.monteure-auf-zeit.de\/home\/leistungen\/"},{"@type":"ListItem","position":3,"name":"K\u00fchlraumpaneele &#038; Isolierbau","item":"https:\/\/www.monteure-auf-zeit.de\/home\/leistungen\/kuehlraumpaneele-isolierbau\/"},{"@type":"ListItem","position":4,"name":"Reinraumpaneele"}]},{"@type":"WebSite","@id":"https:\/\/www.monteure-auf-zeit.de\/home\/#website","url":"https:\/\/www.monteure-auf-zeit.de\/home\/","name":"Pientka Monteure auf Zeit","description":"Erfahrene Monteure deutschlandweit kurzfristig einsatzbereit","publisher":{"@id":"https:\/\/www.monteure-auf-zeit.de\/home\/#organization"},"potentialAction":[{"@type":"SearchAction","target":{"@type":"EntryPoint","urlTemplate":"https:\/\/www.monteure-auf-zeit.de\/home\/?s={search_term_string}"},"query-input":{"@type":"PropertyValueSpecification","valueRequired":true,"valueName":"search_term_string"}}],"inLanguage":"de"},{"@type":"Organization","@id":"https:\/\/www.monteure-auf-zeit.de\/home\/#organization","name":"Pientka Monteure auf Zeit","url":"https:\/\/www.monteure-auf-zeit.de\/home\/","logo":{"@type":"ImageObject","inLanguage":"de","@id":"https:\/\/www.monteure-auf-zeit.de\/home\/#\/schema\/logo\/image\/","url":"https:\/\/www.monteure-auf-zeit.de\/home\/wp-content\/uploads\/2022\/03\/logo_zeit_abstand.png","contentUrl":"https:\/\/www.monteure-auf-zeit.de\/home\/wp-content\/uploads\/2022\/03\/logo_zeit_abstand.png","width":703,"height":674,"caption":"Pientka Monteure auf Zeit"},"image":{"@id":"https:\/\/www.monteure-auf-zeit.de\/home\/#\/schema\/logo\/image\/"}}]}},"_links":{"self":[{"href":"https:\/\/www.monteure-auf-zeit.de\/home\/wp-json\/wp\/v2\/pages\/796","targetHints":{"allow":["GET"]}}],"collection":[{"href":"https:\/\/www.monteure-auf-zeit.de\/home\/wp-json\/wp\/v2\/pages"}],"about":[{"href":"https:\/\/www.monteure-auf-zeit.de\/home\/wp-json\/wp\/v2\/types\/page"}],"author":[{"embeddable":true,"href":"https:\/\/www.monteure-auf-zeit.de\/home\/wp-json\/wp\/v2\/users\/1"}],"replies":[{"embeddable":true,"href":"https:\/\/www.monteure-auf-zeit.de\/home\/wp-json\/wp\/v2\/comments?post=796"}],"version-history":[{"count":3,"href":"https:\/\/www.monteure-auf-zeit.de\/home\/wp-json\/wp\/v2\/pages\/796\/revisions"}],"predecessor-version":[{"id":1187,"href":"https:\/\/www.monteure-auf-zeit.de\/home\/wp-json\/wp\/v2\/pages\/796\/revisions\/1187"}],"up":[{"embeddable":true,"href":"https:\/\/www.monteure-auf-zeit.de\/home\/wp-json\/wp\/v2\/pages\/790"}],"wp:attachment":[{"href":"https:\/\/www.monteure-auf-zeit.de\/home\/wp-json\/wp\/v2\/media?parent=796"}],"curies":[{"name":"wp","href":"https:\/\/api.w.org\/{rel}","templated":true}]}}