{"id":770,"date":"2026-03-03T07:21:57","date_gmt":"2026-03-03T07:21:57","guid":{"rendered":"https:\/\/www.monteure-auf-zeit.de\/home\/?page_id=770"},"modified":"2026-03-12T08:19:07","modified_gmt":"2026-03-12T08:19:07","slug":"glas-aluminium-fassaden","status":"publish","type":"page","link":"https:\/\/www.monteure-auf-zeit.de\/home\/leistungen\/industrieverglasung\/glas-aluminium-fassaden\/","title":{"rendered":"Glas-Aluminium-Fassaden"},"content":{"rendered":"<div id='av_section_1'  class='avia-section av-1ouk5u-ed526dbe989ab338fe874a9aced2200f main_color avia-section-default avia-no-border-styling  avia-builder-el-0  el_before_av_section  avia-builder-el-first  avia-bg-style-scroll container_wrap sidebar_right'  ><div class='container av-section-cont-open' ><main  role=\"main\" itemprop=\"mainContentOfPage\"  class='template-page content  av-content-small alpha units'><div class='post-entry post-entry-type-page post-entry-770'><div class='entry-content-wrapper clearfix'>\n<div  class='flex_column av-1i8b02-80ddeb96a7831267b564a3abe5040970 av_one_full  avia-builder-el-1  el_before_av_one_full  avia-builder-el-first  first flex_column_div  '     ><section  class='av_textblock_section av-mmaly7pd-55e12b5ac5ef4c23c0590f6c3f374981 '   itemscope=\"itemscope\" itemtype=\"https:\/\/schema.org\/CreativeWork\" ><div class='avia_textblock'  itemprop=\"text\" ><h1>Montage von Glas-Aluminium-Fassaden im Industrie- und Hallenbau<\/h1>\n<p>Glas-Aluminium-Fassaden verbinden Transparenz, moderne Architektur und funktionale Leistungsf\u00e4higkeit. Im Industrie- und Hallenbau werden sie insbesondere dort eingesetzt, wo repr\u00e4sentative Eingangsbereiche, Verwaltungszonen innerhalb von Produktionsanlagen oder gro\u00dffl\u00e4chige Hallenfassaden mit Tageslichtanteil realisiert werden sollen. Neben der optischen Wirkung stehen vor allem statische Anforderungen, Dichtigkeit und eine pr\u00e4zise Ausf\u00fchrung im Mittelpunkt.<\/p>\n<p>Unsere erfahrenen Monteure unterst\u00fctzen Bauunternehmen, Fassadenbauer und Metallbauunternehmen bei der fachgerechten Montage von Glas-Aluminium-Fassaden im Industrie- und Hallenbau. Dabei arbeiten unsere Montageteams strukturiert nach technischen Zeichnungen, Systemvorgaben und projektspezifischen Anforderungen. Bundesweit einsetzbar und bei Bedarf auch kurzfristig verf\u00fcgbar.<\/p>\n<\/div><\/section><\/div><div class='flex_column_table av-1er7wy-1723ab12431d19d5f1c0be68e02f9800 sc-av_one_full av-equal-height-column-flextable'><div  class='flex_column av-1er7wy-1723ab12431d19d5f1c0be68e02f9800 av_one_full  avia-builder-el-3  el_after_av_one_full  el_before_av_one_full  first flex_column_table_cell av-equal-height-column av-align-middle  column-top-margin'     ><section  class='av_textblock_section av-mmalyd1x-fb72e8f5c6ab006c3c0a68db54728c70 '   itemscope=\"itemscope\" itemtype=\"https:\/\/schema.org\/CreativeWork\" ><div class='avia_textblock'  itemprop=\"text\" ><h2>Kombination aus Tragstruktur und Verglasung<\/h2>\n<p>Glas-Aluminium-Fassaden bestehen aus einer tragenden Aluminiumkonstruktion, in die Glaselemente passgenau integriert werden. Die exakte Ausrichtung der Aluminiumprofile ist entscheidend f\u00fcr die sp\u00e4tere Aufnahme der Verglasung sowie f\u00fcr die Funktionsf\u00e4higkeit der gesamten Fassadenkonstruktion.<\/p>\n<p>Unsere Montageteams \u00fcbernehmen unter anderem:<\/p>\n<ul>\n<li>Montage von Aluminium-Tragprofilen<\/li>\n<li>Ausrichtung von Rahmen- und Verbindungselementen<\/li>\n<li>Einsetzen von Isolier- oder Sicherheitsgl\u00e4sern<\/li>\n<li>Integration von \u00d6ffnungs- und L\u00fcftungselementen<\/li>\n<li>Ausbildung von Anschluss- und Eckdetails<\/li>\n<\/ul>\n<p>Die Arbeiten erfolgen unter Ber\u00fccksichtigung statischer Vorgaben sowie der jeweiligen Systemanforderungen. Eine pr\u00e4zise Ausf\u00fchrung ist insbesondere bei gro\u00dffl\u00e4chigen Glasanteilen entscheidend f\u00fcr Stabilit\u00e4t und Dichtigkeit.<\/p>\n<h2><\/h2>\n<\/div><\/section><\/div><\/div><!--close column table wrapper. Autoclose: 1 --><div  class='flex_column av-w636i-26cc6cd2f5c881972681ff46ee7b0661 av_one_full  avia-builder-el-5  el_after_av_one_full  avia-builder-el-last  first flex_column_div  column-top-margin'     ><section  class='av_textblock_section av-mmalyg2g-ca4b6bb877a08953743e6de65f5608d7 '   itemscope=\"itemscope\" itemtype=\"https:\/\/schema.org\/CreativeWork\" ><div class='avia_textblock'  itemprop=\"text\" ><h2>Gro\u00dfformatige Verglasungen im Industriebau<\/h2>\n<p>Im Industrie- und Hallenbau kommen h\u00e4ufig gro\u00dfformatige Glaselemente zum Einsatz, die sowohl funktionale als auch energetische Anforderungen erf\u00fcllen m\u00fcssen. Die Montage dieser Elemente erfordert Erfahrung im Umgang mit geeigneter Hebe- und Montagetechnik sowie eine strukturierte Arbeitsweise unter industriellen Baustellenbedingungen.<\/p>\n<p>Unsere erfahrenen Monteure sind mit der Handhabung gro\u00dfformatiger Verglasungen vertraut und setzen die Montage planorientiert und sicher um. Dabei wird auf eine spannungsfreie Aufnahme der Glaselemente sowie auf eine saubere Ausbildung der Fugen und Abdichtungen geachtet.<\/p>\n<h2>Einsatzbereiche im Industrie- und Hallenbau<\/h2>\n<p>Glas-Aluminium-Fassaden finden im Industriebau vielf\u00e4ltige Anwendung. Unsere Montageteams unterst\u00fctzen Projekte insbesondere in:<\/p>\n<ul>\n<li>Produktions- und Werkhallen mit Verwaltungsbereichen<\/li>\n<li>Logistik- und Umschlagzentren<\/li>\n<li>Technik- und Anlagengeb\u00e4uden<\/li>\n<li>Eingangs- und Empfangsbereichen von Industrieanlagen<\/li>\n<li>Erweiterungs- und Modernisierungsprojekten<\/li>\n<\/ul>\n<p>Durch unsere Spezialisierung auf Industrie- und Hallenbau kennen wir die Anforderungen gro\u00dffl\u00e4chiger Fassadenkonstruktionen sowie die strukturierten Abl\u00e4ufe auf Gro\u00dfbaustellen.<\/p>\n<h2>Pr\u00e4zision bei Anschluss- und Detaill\u00f6sungen<\/h2>\n<p>Bei Glas-Aluminium-Fassaden spielen Anschlussdetails an Dach, Bodenplatte oder angrenzende Bauteile eine zentrale Rolle. Eine fehlerhafte Ausf\u00fchrung kann Auswirkungen auf Dichtigkeit, W\u00e4rmed\u00e4mmung oder die dauerhafte Stabilit\u00e4t der Konstruktion haben.<\/p>\n<p>Unsere Montageteams arbeiten sorgf\u00e4ltig und planorientiert an allen \u00dcberg\u00e4ngen und Anschlussbereichen. Die Abstimmung mit angrenzenden Gewerken erfolgt strukturiert, um einen reibungslosen Bauablauf sicherzustellen.<\/p>\n<h2>Montage unter Einsatz geeigneter Technik<\/h2>\n<p>Die Installation von Glas-Aluminium-Fassaden erfolgt h\u00e4ufig unter Einsatz von Kr\u00e4nen, Hebesystemen oder Hubarbeitsb\u00fchnen. Unsere erfahrenen Monteure sind mit diesen Rahmenbedingungen vertraut und arbeiten unter Einhaltung aller geltenden Sicherheits- und Baustellenvorgaben.<\/p>\n<p>Eine klare interne Abstimmung innerhalb des Montageteams sowie eine strukturierte Abschnittsplanung tragen wesentlich zur effizienten Umsetzung bei \u2013 insbesondere bei gro\u00dfvolumigen Industrieprojekten.<\/p>\n<h2>Montageteams ab zwei erfahrenen Monteuren<\/h2>\n<p>Wir stellen eingespielte Montageteams mit mindestens zwei erfahrenen Monteuren zur Verf\u00fcgung. Je nach Projektgr\u00f6\u00dfe und Fassadenumfang k\u00f6nnen entsprechend gr\u00f6\u00dfere Teams eingesetzt werden.<\/p>\n<p>Diese Teamstruktur gew\u00e4hrleistet sichere Arbeitsabl\u00e4ufe, eine koordinierte Umsetzung und eine zuverl\u00e4ssige Montage auch bei technisch anspruchsvollen Glas-Aluminium-Fassaden im Industrie- und Hallenbau.<\/p>\n<h2>Ihr Partner f\u00fcr Glas-Aluminium-Fassaden-Montage<\/h2>\n<p>Glas-Aluminium-Fassaden im Industrie- und Hallenbau erfordern technisches Verst\u00e4ndnis, pr\u00e4zise Ausf\u00fchrung und erfahrene Monteure auf der Baustelle. Mit unseren spezialisierten Montageteams unterst\u00fctzen wir Ihr Projekt von der Tragkonstruktion bis zur finalen Verglasung \u2013 flexibel und bundesweit einsetzbar.<\/p>\n<p>Wir stellen qualifizierte und erfahrene Montageteams f\u00fcr Glas-Aluminium-Fassaden im gesamten Bundesgebiet zur Verf\u00fcgung.<\/p>\n<\/div><\/section><\/div><\/div><\/div><\/main><!-- close content main element --><\/div><\/div>\n<style type=\"text\/css\" data-created_by=\"avia_inline_auto\" id=\"style-css-av-ogi4i-5a5144fe94971e22460ce08573ff8e78\">\n.avia-section.av-ogi4i-5a5144fe94971e22460ce08573ff8e78{\nposition:relative;\n}\n.avia-section.av-ogi4i-5a5144fe94971e22460ce08573ff8e78 .av-parallax .av-parallax-inner{\nbackground-repeat:no-repeat;\nbackground-image:url(https:\/\/www.monteure-auf-zeit.de\/home\/wp-content\/uploads\/2022\/03\/AdobeStock_43086186.jpeg);\nbackground-position:50% 50%;\nbackground-attachment:scroll;\n}\n.avia-section.av-ogi4i-5a5144fe94971e22460ce08573ff8e78 .av-section-color-overlay{\nopacity:0.5;\nbackground-color:#000000;\n}\n.avia-section.av-ogi4i-5a5144fe94971e22460ce08573ff8e78 .avia-divider-svg-top svg{\nheight:50px;\nwidth:calc(100% + 1.3px);\nfill:#ffffff;\n}\n<\/style>\n<div id='av_section_2'  class='avia-section av-ogi4i-5a5144fe94971e22460ce08573ff8e78 main_color avia-section-default avia-no-border-styling  avia-builder-el-7  el_after_av_section  avia-builder-el-last  avia-full-stretch av-parallax-section avia-bg-style-parallax av-section-color-overlay-active av-minimum-height av-minimum-height-50 av-height-50  container_wrap sidebar_right'  data-section-bg-repeat='stretch' data-av_minimum_height_pc='50' data-av_min_height_opt='50'><div class='avia-divider-svg avia-divider-svg-curve avia-divider-svg-top avia-to-front avia-svg-original'><svg xmlns=\"http:\/\/www.w3.org\/2000\/svg\" viewBox=\"0 0 1000 100\" preserveAspectRatio=\"none\">\n    <path d=\"M1000,4.3V0H0v4.3C0.9,23.1,126.7,99.2,500,100S1000,22.7,1000,4.3z\"\/>\n<\/svg><\/div><div class='av-parallax' data-avia-parallax-ratio='0.3' ><div class='av-parallax-inner main_color avia-full-stretch'><\/div><\/div><div class=\"av-section-color-overlay-wrap\"><div class=\"av-section-color-overlay\"><\/div><div class='container av-section-cont-open' ><div class='template-page content  av-content-small alpha units'><div class='post-entry post-entry-type-page post-entry-770'><div class='entry-content-wrapper clearfix'>\n\n<style type=\"text\/css\" data-created_by=\"avia_inline_auto\" id=\"style-css-av-iqjru-ae2f9bd2c124266c8a027db818ba0b48\">\n.flex_column.av-iqjru-ae2f9bd2c124266c8a027db818ba0b48{\nborder-radius:0px 0px 0px 0px;\npadding:0px 0px 0px 0px;\n}\n<\/style>\n<div  class='flex_column av-iqjru-ae2f9bd2c124266c8a027db818ba0b48 av_one_fifth  avia-builder-el-8  el_before_av_three_fifth  avia-builder-el-first  first flex_column_div av-zero-column-padding  '     ><\/div>\n<style type=\"text\/css\" data-created_by=\"avia_inline_auto\" id=\"style-css-av-1o3ei-bb3aca2f102bf71ee43e957e7e37bdc4\">\n.flex_column.av-1o3ei-bb3aca2f102bf71ee43e957e7e37bdc4{\nborder-radius:0px 0px 0px 0px;\npadding:0px 0px 0px 0px;\n}\n<\/style>\n<div  class='flex_column av-1o3ei-bb3aca2f102bf71ee43e957e7e37bdc4 av_three_fifth  avia-builder-el-9  el_after_av_one_fifth  avia-builder-el-last  flex_column_div av-zero-column-padding  '     ><div  class='avia-button-wrap avia-button-center  avia-builder-el-10  avia-builder-el-no-sibling '>\n<style type=\"text\/css\" data-created_by=\"avia_inline_auto\" id=\"style-css-av-a1d2y-a261bcce0f3758332b4a96855164083d\">\n#top #wrap_all .avia-button.av-a1d2y-a261bcce0f3758332b4a96855164083d{\ncolor:#ffffff;\ntransition:all 0.4s ease-in-out;\n}\n#top #wrap_all .avia-button.av-a1d2y-a261bcce0f3758332b4a96855164083d:hover{\ncolor:#ffffff;\ntransition:all 0.4s ease-in-out;\n}\n<\/style>\n<a href='https:\/\/www.monteure-auf-zeit.de\/home\/kontakt\/' class='avia-color-theme-color avia-button avia-button-fullwidth av-a1d2y-a261bcce0f3758332b4a96855164083d avia-icon_select-yes-left-icon avia-color-theme-color'   aria-label=\"Hier geht\u2019s zum ersten Kontakt!\"><span class='avia_button_icon avia_button_icon_left' aria-hidden='true' data-av_icon='\ue80b' data-av_iconfont='entypo-fontello'><\/span><span class='avia_iconbox_title' >Hier geht\u2019s zum ersten Kontakt!<\/span><span class='avia_button_background avia-button avia-button-fullwidth avia-color-theme-color-highlight'><\/span><\/a><\/div><\/div>\n<\/div><\/div><\/div><!-- close content main div --><\/div><\/div><\/div><div id='after_section_2'  class='main_color av_default_container_wrap container_wrap sidebar_right'  ><div class='container av-section-cont-open' ><div class='template-page content  av-content-small alpha units'><div class='post-entry post-entry-type-page post-entry-770'><div class='entry-content-wrapper clearfix'><\/p>\n","protected":false},"excerpt":{"rendered":"","protected":false},"author":1,"featured_media":0,"parent":764,"menu_order":0,"comment_status":"closed","ping_status":"closed","template":"","meta":{"footnotes":""},"class_list":["post-770","page","type-page","status-publish","hentry"],"yoast_head":"<!-- This site is optimized with the Yoast SEO plugin v27.1.1 - https:\/\/yoast.com\/product\/yoast-seo-wordpress\/ -->\n<title>Glas-Aluminium-Fassaden | Erfahrene Monteure | kurzfristig einsatzbereit<\/title>\n<meta name=\"description\" content=\"Glas-Aluminium-Fassaden Montageteams f\u00fcr Metall-, Fassaden- und Paneelbau sowie K\u00fchlraumbau \u2013 \u2713erfahren \u2713pr\u00e4zise \u2713bundesweit kurzfristig einsatzbereit.\" \/>\n<meta name=\"robots\" content=\"index, follow, max-snippet:-1, max-image-preview:large, max-video-preview:-1\" \/>\n<link rel=\"canonical\" href=\"https:\/\/www.monteure-auf-zeit.de\/home\/leistungen\/industrieverglasung\/glas-aluminium-fassaden\/\" \/>\n<meta property=\"og:locale\" content=\"de_DE\" \/>\n<meta property=\"og:type\" content=\"article\" \/>\n<meta property=\"og:title\" content=\"Glas-Aluminium-Fassaden | Erfahrene Monteure | kurzfristig einsatzbereit\" \/>\n<meta property=\"og:description\" content=\"Glas-Aluminium-Fassaden Montageteams f\u00fcr Metall-, Fassaden- und Paneelbau sowie K\u00fchlraumbau \u2013 \u2713erfahren \u2713pr\u00e4zise \u2713bundesweit kurzfristig einsatzbereit.\" \/>\n<meta property=\"og:url\" content=\"https:\/\/www.monteure-auf-zeit.de\/home\/leistungen\/industrieverglasung\/glas-aluminium-fassaden\/\" \/>\n<meta property=\"og:site_name\" content=\"Pientka Monteure auf Zeit\" \/>\n<meta property=\"article:modified_time\" content=\"2026-03-12T08:19:07+00:00\" \/>\n<meta name=\"twitter:card\" content=\"summary_large_image\" \/>\n<meta name=\"twitter:label1\" content=\"Gesch\u00e4tzte Lesezeit\" \/>\n\t<meta name=\"twitter:data1\" content=\"16\u00a0Minuten\" \/>\n<script type=\"application\/ld+json\" class=\"yoast-schema-graph\">{\"@context\":\"https:\/\/schema.org\",\"@graph\":[{\"@type\":\"WebPage\",\"@id\":\"https:\/\/www.monteure-auf-zeit.de\/home\/leistungen\/industrieverglasung\/glas-aluminium-fassaden\/\",\"url\":\"https:\/\/www.monteure-auf-zeit.de\/home\/leistungen\/industrieverglasung\/glas-aluminium-fassaden\/\",\"name\":\"Glas-Aluminium-Fassaden | Erfahrene Monteure | kurzfristig einsatzbereit\",\"isPartOf\":{\"@id\":\"https:\/\/www.monteure-auf-zeit.de\/home\/#website\"},\"datePublished\":\"2026-03-03T07:21:57+00:00\",\"dateModified\":\"2026-03-12T08:19:07+00:00\",\"description\":\"Glas-Aluminium-Fassaden Montageteams f\u00fcr Metall-, Fassaden- und Paneelbau sowie K\u00fchlraumbau \u2013 \u2713erfahren \u2713pr\u00e4zise \u2713bundesweit kurzfristig einsatzbereit.\",\"breadcrumb\":{\"@id\":\"https:\/\/www.monteure-auf-zeit.de\/home\/leistungen\/industrieverglasung\/glas-aluminium-fassaden\/#breadcrumb\"},\"inLanguage\":\"de\",\"potentialAction\":[{\"@type\":\"ReadAction\",\"target\":[\"https:\/\/www.monteure-auf-zeit.de\/home\/leistungen\/industrieverglasung\/glas-aluminium-fassaden\/\"]}]},{\"@type\":\"BreadcrumbList\",\"@id\":\"https:\/\/www.monteure-auf-zeit.de\/home\/leistungen\/industrieverglasung\/glas-aluminium-fassaden\/#breadcrumb\",\"itemListElement\":[{\"@type\":\"ListItem\",\"position\":1,\"name\":\"Start\",\"item\":\"https:\/\/www.monteure-auf-zeit.de\/home\/home\/\"},{\"@type\":\"ListItem\",\"position\":2,\"name\":\"Leistungen\",\"item\":\"https:\/\/www.monteure-auf-zeit.de\/home\/leistungen\/\"},{\"@type\":\"ListItem\",\"position\":3,\"name\":\"Industrieverglasung\",\"item\":\"https:\/\/www.monteure-auf-zeit.de\/home\/leistungen\/industrieverglasung\/\"},{\"@type\":\"ListItem\",\"position\":4,\"name\":\"Glas-Aluminium-Fassaden\"}]},{\"@type\":\"WebSite\",\"@id\":\"https:\/\/www.monteure-auf-zeit.de\/home\/#website\",\"url\":\"https:\/\/www.monteure-auf-zeit.de\/home\/\",\"name\":\"Pientka Monteure auf Zeit\",\"description\":\"Erfahrene Monteure deutschlandweit kurzfristig einsatzbereit\",\"publisher\":{\"@id\":\"https:\/\/www.monteure-auf-zeit.de\/home\/#organization\"},\"potentialAction\":[{\"@type\":\"SearchAction\",\"target\":{\"@type\":\"EntryPoint\",\"urlTemplate\":\"https:\/\/www.monteure-auf-zeit.de\/home\/?s={search_term_string}\"},\"query-input\":{\"@type\":\"PropertyValueSpecification\",\"valueRequired\":true,\"valueName\":\"search_term_string\"}}],\"inLanguage\":\"de\"},{\"@type\":\"Organization\",\"@id\":\"https:\/\/www.monteure-auf-zeit.de\/home\/#organization\",\"name\":\"Pientka Monteure auf Zeit\",\"url\":\"https:\/\/www.monteure-auf-zeit.de\/home\/\",\"logo\":{\"@type\":\"ImageObject\",\"inLanguage\":\"de\",\"@id\":\"https:\/\/www.monteure-auf-zeit.de\/home\/#\/schema\/logo\/image\/\",\"url\":\"https:\/\/www.monteure-auf-zeit.de\/home\/wp-content\/uploads\/2022\/03\/logo_zeit_abstand.png\",\"contentUrl\":\"https:\/\/www.monteure-auf-zeit.de\/home\/wp-content\/uploads\/2022\/03\/logo_zeit_abstand.png\",\"width\":703,\"height\":674,\"caption\":\"Pientka Monteure auf Zeit\"},\"image\":{\"@id\":\"https:\/\/www.monteure-auf-zeit.de\/home\/#\/schema\/logo\/image\/\"}}]}<\/script>\n<!-- \/ Yoast SEO plugin. -->","yoast_head_json":{"title":"Glas-Aluminium-Fassaden | Erfahrene Monteure | kurzfristig einsatzbereit","description":"Glas-Aluminium-Fassaden Montageteams f\u00fcr Metall-, Fassaden- und Paneelbau sowie K\u00fchlraumbau \u2013 \u2713erfahren \u2713pr\u00e4zise \u2713bundesweit kurzfristig einsatzbereit.","robots":{"index":"index","follow":"follow","max-snippet":"max-snippet:-1","max-image-preview":"max-image-preview:large","max-video-preview":"max-video-preview:-1"},"canonical":"https:\/\/www.monteure-auf-zeit.de\/home\/leistungen\/industrieverglasung\/glas-aluminium-fassaden\/","og_locale":"de_DE","og_type":"article","og_title":"Glas-Aluminium-Fassaden | Erfahrene Monteure | kurzfristig einsatzbereit","og_description":"Glas-Aluminium-Fassaden Montageteams f\u00fcr Metall-, Fassaden- und Paneelbau sowie K\u00fchlraumbau \u2013 \u2713erfahren \u2713pr\u00e4zise \u2713bundesweit kurzfristig einsatzbereit.","og_url":"https:\/\/www.monteure-auf-zeit.de\/home\/leistungen\/industrieverglasung\/glas-aluminium-fassaden\/","og_site_name":"Pientka Monteure auf Zeit","article_modified_time":"2026-03-12T08:19:07+00:00","twitter_card":"summary_large_image","twitter_misc":{"Gesch\u00e4tzte Lesezeit":"16\u00a0Minuten"},"schema":{"@context":"https:\/\/schema.org","@graph":[{"@type":"WebPage","@id":"https:\/\/www.monteure-auf-zeit.de\/home\/leistungen\/industrieverglasung\/glas-aluminium-fassaden\/","url":"https:\/\/www.monteure-auf-zeit.de\/home\/leistungen\/industrieverglasung\/glas-aluminium-fassaden\/","name":"Glas-Aluminium-Fassaden | Erfahrene Monteure | kurzfristig einsatzbereit","isPartOf":{"@id":"https:\/\/www.monteure-auf-zeit.de\/home\/#website"},"datePublished":"2026-03-03T07:21:57+00:00","dateModified":"2026-03-12T08:19:07+00:00","description":"Glas-Aluminium-Fassaden Montageteams f\u00fcr Metall-, Fassaden- und Paneelbau sowie K\u00fchlraumbau \u2013 \u2713erfahren \u2713pr\u00e4zise \u2713bundesweit kurzfristig einsatzbereit.","breadcrumb":{"@id":"https:\/\/www.monteure-auf-zeit.de\/home\/leistungen\/industrieverglasung\/glas-aluminium-fassaden\/#breadcrumb"},"inLanguage":"de","potentialAction":[{"@type":"ReadAction","target":["https:\/\/www.monteure-auf-zeit.de\/home\/leistungen\/industrieverglasung\/glas-aluminium-fassaden\/"]}]},{"@type":"BreadcrumbList","@id":"https:\/\/www.monteure-auf-zeit.de\/home\/leistungen\/industrieverglasung\/glas-aluminium-fassaden\/#breadcrumb","itemListElement":[{"@type":"ListItem","position":1,"name":"Start","item":"https:\/\/www.monteure-auf-zeit.de\/home\/home\/"},{"@type":"ListItem","position":2,"name":"Leistungen","item":"https:\/\/www.monteure-auf-zeit.de\/home\/leistungen\/"},{"@type":"ListItem","position":3,"name":"Industrieverglasung","item":"https:\/\/www.monteure-auf-zeit.de\/home\/leistungen\/industrieverglasung\/"},{"@type":"ListItem","position":4,"name":"Glas-Aluminium-Fassaden"}]},{"@type":"WebSite","@id":"https:\/\/www.monteure-auf-zeit.de\/home\/#website","url":"https:\/\/www.monteure-auf-zeit.de\/home\/","name":"Pientka Monteure auf Zeit","description":"Erfahrene Monteure deutschlandweit kurzfristig einsatzbereit","publisher":{"@id":"https:\/\/www.monteure-auf-zeit.de\/home\/#organization"},"potentialAction":[{"@type":"SearchAction","target":{"@type":"EntryPoint","urlTemplate":"https:\/\/www.monteure-auf-zeit.de\/home\/?s={search_term_string}"},"query-input":{"@type":"PropertyValueSpecification","valueRequired":true,"valueName":"search_term_string"}}],"inLanguage":"de"},{"@type":"Organization","@id":"https:\/\/www.monteure-auf-zeit.de\/home\/#organization","name":"Pientka Monteure auf Zeit","url":"https:\/\/www.monteure-auf-zeit.de\/home\/","logo":{"@type":"ImageObject","inLanguage":"de","@id":"https:\/\/www.monteure-auf-zeit.de\/home\/#\/schema\/logo\/image\/","url":"https:\/\/www.monteure-auf-zeit.de\/home\/wp-content\/uploads\/2022\/03\/logo_zeit_abstand.png","contentUrl":"https:\/\/www.monteure-auf-zeit.de\/home\/wp-content\/uploads\/2022\/03\/logo_zeit_abstand.png","width":703,"height":674,"caption":"Pientka Monteure auf Zeit"},"image":{"@id":"https:\/\/www.monteure-auf-zeit.de\/home\/#\/schema\/logo\/image\/"}}]}},"_links":{"self":[{"href":"https:\/\/www.monteure-auf-zeit.de\/home\/wp-json\/wp\/v2\/pages\/770","targetHints":{"allow":["GET"]}}],"collection":[{"href":"https:\/\/www.monteure-auf-zeit.de\/home\/wp-json\/wp\/v2\/pages"}],"about":[{"href":"https:\/\/www.monteure-auf-zeit.de\/home\/wp-json\/wp\/v2\/types\/page"}],"author":[{"embeddable":true,"href":"https:\/\/www.monteure-auf-zeit.de\/home\/wp-json\/wp\/v2\/users\/1"}],"replies":[{"embeddable":true,"href":"https:\/\/www.monteure-auf-zeit.de\/home\/wp-json\/wp\/v2\/comments?post=770"}],"version-history":[{"count":3,"href":"https:\/\/www.monteure-auf-zeit.de\/home\/wp-json\/wp\/v2\/pages\/770\/revisions"}],"predecessor-version":[{"id":1176,"href":"https:\/\/www.monteure-auf-zeit.de\/home\/wp-json\/wp\/v2\/pages\/770\/revisions\/1176"}],"up":[{"embeddable":true,"href":"https:\/\/www.monteure-auf-zeit.de\/home\/wp-json\/wp\/v2\/pages\/764"}],"wp:attachment":[{"href":"https:\/\/www.monteure-auf-zeit.de\/home\/wp-json\/wp\/v2\/media?parent=770"}],"curies":[{"name":"wp","href":"https:\/\/api.w.org\/{rel}","templated":true}]}}