{"id":766,"date":"2026-03-03T07:20:57","date_gmt":"2026-03-03T07:20:57","guid":{"rendered":"https:\/\/www.monteure-auf-zeit.de\/home\/?page_id=766"},"modified":"2026-03-12T08:18:47","modified_gmt":"2026-03-12T08:18:47","slug":"pfosten-riegel-konstruktionen","status":"publish","type":"page","link":"https:\/\/www.monteure-auf-zeit.de\/home\/leistungen\/industrieverglasung\/pfosten-riegel-konstruktionen\/","title":{"rendered":"Pfosten-Riegel-Konstruktionen"},"content":{"rendered":"<div id='av_section_1'  class='avia-section av-1so2ry-8c133f4b34749b5e756087c1869ed32b main_color avia-section-default avia-no-border-styling  avia-builder-el-0  el_before_av_section  avia-builder-el-first  avia-bg-style-scroll container_wrap sidebar_right'  ><div class='container av-section-cont-open' ><main  role=\"main\" itemprop=\"mainContentOfPage\"  class='template-page content  av-content-small alpha units'><div class='post-entry post-entry-type-page post-entry-766'><div class='entry-content-wrapper clearfix'>\n<div  class='flex_column av-1kihby-2083946698a98e9008bed789d8a576cd av_one_full  avia-builder-el-1  el_before_av_one_full  avia-builder-el-first  first flex_column_div  '     ><section  class='av_textblock_section av-mmaluoyf-b31e4c8321a0b39a1e5aa31ab99750e2 '   itemscope=\"itemscope\" itemtype=\"https:\/\/schema.org\/CreativeWork\" ><div class='avia_textblock'  itemprop=\"text\" ><h1>Montage von Pfosten-Riegel-Konstruktionen im Industrie- und Hallenbau<\/h1>\n<p>Pfosten-Riegel-Konstruktionen sind im modernen Industrie- und Hallenbau eine bew\u00e4hrte L\u00f6sung f\u00fcr gro\u00dffl\u00e4chige Glasfassaden mit hoher Tragf\u00e4higkeit und klarer Linienf\u00fchrung. Sie erm\u00f6glichen weitspannende Fassadenstrukturen, eine flexible Integration von Verglasungselementen sowie die Kombination mit Aluminium- oder Stahlprofilen. Gleichzeitig stellt die Montage solcher Systeme hohe Anforderungen an Ma\u00dfgenauigkeit, Ausrichtung und technische Umsetzung.<\/p>\n<p>Unsere erfahrenen Monteure unterst\u00fctzen Bauunternehmen, Metallbauer und Fassadenbauer bei der pr\u00e4zisen Montage von Pfosten-Riegel-Konstruktionen im Industrie- und Hallenbau. Dabei arbeiten unsere Teams strukturiert nach technischen Zeichnungen und projektspezifischen Vorgaben und integrieren sich effizient in bestehende Baustellenabl\u00e4ufe. Bundesweit einsetzbar und bei Bedarf auch kurzfristig verf\u00fcgbar.<\/p>\n<\/div><\/section><\/div><div class='flex_column_table av-1dtocm-8eea03a5d90539ffc74ec622b1f7324e sc-av_one_full av-equal-height-column-flextable'><div  class='flex_column av-1dtocm-8eea03a5d90539ffc74ec622b1f7324e av_one_full  avia-builder-el-3  el_after_av_one_full  el_before_av_one_full  first flex_column_table_cell av-equal-height-column av-align-middle  column-top-margin'     ><section  class='av_textblock_section av-mmaluvf0-2059e727fdb2e2fb6011f5b0edf9a068 '   itemscope=\"itemscope\" itemtype=\"https:\/\/schema.org\/CreativeWork\" ><div class='avia_textblock'  itemprop=\"text\" ><h2>Systematische Montage tragender Fassadenkonstruktionen<\/h2>\n<p>Pfosten-Riegel-Fassaden bestehen aus vertikalen Tragprofilen (Pfosten) und horizontalen Verbindungselementen (Riegel), die gemeinsam die Lasten der Verglasung sowie \u00e4u\u00dfere Einwirkungen wie Wind oder Temperaturunterschiede aufnehmen. Die pr\u00e4zise Ausrichtung dieser Konstruktion bildet die Grundlage f\u00fcr die sp\u00e4tere Aufnahme der Glaselemente.<\/p>\n<p>Unsere Montageteams \u00fcbernehmen die fachgerechte Montage von:<\/p>\n<ul>\n<li>Vertikalen Pfostenprofilen<\/li>\n<li>Horizontalen Riegelprofilen<\/li>\n<li>Trag- und Verbindungselementen<\/li>\n<li>Halte- und Befestigungssystemen<\/li>\n<li>Anschluss- und Eckkonstruktionen<\/li>\n<\/ul>\n<p>Die exakte Ausrichtung der Profile ist entscheidend f\u00fcr die Ma\u00dfhaltigkeit der gesamten Fassade. Bereits minimale Abweichungen k\u00f6nnen Auswirkungen auf Fugenbild, Glasaufnahme und Dichtigkeit haben. Unsere erfahrenen Monteure arbeiten daher mit hoher Sorgfalt und unter Ber\u00fccksichtigung aller technischen Vorgaben.<\/p>\n<h2><\/h2>\n<\/div><\/section><\/div><\/div><!--close column table wrapper. Autoclose: 1 --><div  class='flex_column av-z8u26-aaab541216b7bbc044f928c3c419e360 av_one_full  avia-builder-el-5  el_after_av_one_full  avia-builder-el-last  first flex_column_div  column-top-margin'     ><section  class='av_textblock_section av-mmaluydt-919078956abc73009471676ea279016f '   itemscope=\"itemscope\" itemtype=\"https:\/\/schema.org\/CreativeWork\" ><div class='avia_textblock'  itemprop=\"text\" ><h2>Integration von Verglasungselementen<\/h2>\n<p>Nach der Montage der tragenden Konstruktion erfolgt die Aufnahme der Glaselemente. Im Industrie- und Hallenbau kommen h\u00e4ufig gro\u00dfformatige Verglasungen zum Einsatz, die sowohl funktionale als auch energetische Anforderungen erf\u00fcllen m\u00fcssen. Die sichere und spannungsfreie Aufnahme dieser Elemente erfordert Erfahrung im Umgang mit entsprechenden Systemen.<\/p>\n<p>Unsere Monteure unterst\u00fctzen bei:<\/p>\n<ul>\n<li>Einsetzen von Isolierglaselementen<\/li>\n<li>Montage von Sicherheits- und Brandschutzverglasungen<\/li>\n<li>Ausbildung von Anschlussdetails<\/li>\n<li>Integration von \u00d6ffnungs- und L\u00fcftungselementen<\/li>\n<li>Abdichtungs- und Versiegelungsarbeiten<\/li>\n<\/ul>\n<p>Die Arbeiten erfolgen stets in Abstimmung mit den projektverantwortlichen Unternehmen und unter Einhaltung der jeweiligen Systemvorgaben.<\/p>\n<h2>Pfosten-Riegel-Systeme im Industrie- und Hallenbau<\/h2>\n<p>Im Industrie- und Hallenbau werden Pfosten-Riegel-Konstruktionen h\u00e4ufig f\u00fcr Verwaltungsbereiche innerhalb von Produktionsanlagen, f\u00fcr Eingangsbereiche von Logistikzentren oder f\u00fcr gro\u00dffl\u00e4chige Hallenfassaden eingesetzt. Neben der optischen Wirkung spielt insbesondere die technische Leistungsf\u00e4higkeit der Konstruktion eine zentrale Rolle.<\/p>\n<p>Unsere Montageteams sind mit den besonderen Anforderungen industrieller Gro\u00dfbaustellen vertraut. Dazu geh\u00f6ren Arbeiten in gro\u00dfen H\u00f6hen, die Koordination mit anderen Gewerken sowie die Umsetzung klar definierter Bauabschnitte unter Zeitvorgaben.<\/p>\n<h2>Arbeiten unter industriellen Baustellenbedingungen<\/h2>\n<p>Die Montage von Pfosten-Riegel-Konstruktionen erfolgt h\u00e4ufig unter Einsatz von Hubarbeitsb\u00fchnen, Kr\u00e4nen oder speziellen Hebesystemen. Unsere erfahrenen Monteure sind mit diesen Rahmenbedingungen vertraut und arbeiten planorientiert unter Einhaltung aller geltenden Sicherheits- und Baustellenrichtlinien.<\/p>\n<p>Eine strukturierte Abstimmung innerhalb des Montageteams sowie mit angrenzenden Gewerken ist dabei entscheidend f\u00fcr einen reibungslosen Bauablauf. Gerade bei gro\u00dffl\u00e4chigen Fassadenkonstruktionen im Industrie- und Hallenbau sind klare Arbeitsabl\u00e4ufe und eine pr\u00e4zise Ausf\u00fchrung von zentraler Bedeutung.<\/p>\n<h2>Montageteams ab zwei erfahrenen Monteuren<\/h2>\n<p>Wir stellen eingespielte Montageteams mit mindestens zwei erfahrenen Monteuren zur Verf\u00fcgung. Je nach Projektgr\u00f6\u00dfe, Bauabschnitt oder Umfang der Fassadenfl\u00e4che k\u00f6nnen entsprechend gr\u00f6\u00dfere Teams eingesetzt werden.<\/p>\n<p>Diese Teamstruktur gew\u00e4hrleistet eine sichere Arbeitsweise, klare interne Abstimmung und eine effiziente Umsetzung auch bei technisch anspruchsvollen Pfosten-Riegel-Konstruktionen im Industrie- und Hallenbau.<\/p>\n<h2>Ihr Partner f\u00fcr Pfosten-Riegel-Montage<\/h2>\n<p>Pfosten-Riegel-Konstruktionen erfordern pr\u00e4zise Planung, sorgf\u00e4ltige Ausf\u00fchrung und erfahrene Monteure auf der Baustelle. Mit unseren spezialisierten Montageteams unterst\u00fctzen wir Ihr Projekt zuverl\u00e4ssig von der Tragkonstruktion bis zur finalen Verglasung.<\/p>\n<p>Wir stellen qualifizierte und erfahrene Montageteams f\u00fcr Pfosten-Riegel-Konstruktionen im gesamten Bundesgebiet zur Verf\u00fcgung.<\/p>\n<\/div><\/section><\/div><\/div><\/div><\/main><!-- close content main element --><\/div><\/div>\n<style type=\"text\/css\" data-created_by=\"avia_inline_auto\" id=\"style-css-av-2oicu-842e3d010cf08e08b0c723b75ff9e01b\">\n.avia-section.av-2oicu-842e3d010cf08e08b0c723b75ff9e01b{\nposition:relative;\n}\n.avia-section.av-2oicu-842e3d010cf08e08b0c723b75ff9e01b .av-parallax .av-parallax-inner{\nbackground-repeat:no-repeat;\nbackground-image:url(https:\/\/www.monteure-auf-zeit.de\/home\/wp-content\/uploads\/2022\/03\/AdobeStock_43086186.jpeg);\nbackground-position:50% 50%;\nbackground-attachment:scroll;\n}\n.avia-section.av-2oicu-842e3d010cf08e08b0c723b75ff9e01b .av-section-color-overlay{\nopacity:0.5;\nbackground-color:#000000;\n}\n.avia-section.av-2oicu-842e3d010cf08e08b0c723b75ff9e01b .avia-divider-svg-top svg{\nheight:50px;\nwidth:calc(100% + 1.3px);\nfill:#ffffff;\n}\n<\/style>\n<div id='av_section_2'  class='avia-section av-2oicu-842e3d010cf08e08b0c723b75ff9e01b main_color avia-section-default avia-no-border-styling  avia-builder-el-7  el_after_av_section  avia-builder-el-last  avia-full-stretch av-parallax-section avia-bg-style-parallax av-section-color-overlay-active av-minimum-height av-minimum-height-50 av-height-50  container_wrap sidebar_right'  data-section-bg-repeat='stretch' data-av_minimum_height_pc='50' data-av_min_height_opt='50'><div class='avia-divider-svg avia-divider-svg-curve avia-divider-svg-top avia-to-front avia-svg-original'><svg xmlns=\"http:\/\/www.w3.org\/2000\/svg\" viewBox=\"0 0 1000 100\" preserveAspectRatio=\"none\">\n    <path d=\"M1000,4.3V0H0v4.3C0.9,23.1,126.7,99.2,500,100S1000,22.7,1000,4.3z\"\/>\n<\/svg><\/div><div class='av-parallax' data-avia-parallax-ratio='0.3' ><div class='av-parallax-inner main_color avia-full-stretch'><\/div><\/div><div class=\"av-section-color-overlay-wrap\"><div class=\"av-section-color-overlay\"><\/div><div class='container av-section-cont-open' ><div class='template-page content  av-content-small alpha units'><div class='post-entry post-entry-type-page post-entry-766'><div class='entry-content-wrapper clearfix'>\n\n<style type=\"text\/css\" data-created_by=\"avia_inline_auto\" id=\"style-css-av-kawbi-4843185934dfc71d43cd0a963ede0a37\">\n.flex_column.av-kawbi-4843185934dfc71d43cd0a963ede0a37{\nborder-radius:0px 0px 0px 0px;\npadding:0px 0px 0px 0px;\n}\n<\/style>\n<div  class='flex_column av-kawbi-4843185934dfc71d43cd0a963ede0a37 av_one_fifth  avia-builder-el-8  el_before_av_three_fifth  avia-builder-el-first  first flex_column_div av-zero-column-padding  '     ><\/div>\n<style type=\"text\/css\" data-created_by=\"avia_inline_auto\" id=\"style-css-av-1mldy-9968719ac9d6bb5c252811c7019c7d40\">\n.flex_column.av-1mldy-9968719ac9d6bb5c252811c7019c7d40{\nborder-radius:0px 0px 0px 0px;\npadding:0px 0px 0px 0px;\n}\n<\/style>\n<div  class='flex_column av-1mldy-9968719ac9d6bb5c252811c7019c7d40 av_three_fifth  avia-builder-el-9  el_after_av_one_fifth  avia-builder-el-last  flex_column_div av-zero-column-padding  '     ><div  class='avia-button-wrap avia-button-center  avia-builder-el-10  avia-builder-el-no-sibling '>\n<style type=\"text\/css\" data-created_by=\"avia_inline_auto\" id=\"style-css-av-9k02u-948dee1e5e1dbf7393917a3f31684b02\">\n#top #wrap_all .avia-button.av-9k02u-948dee1e5e1dbf7393917a3f31684b02{\ncolor:#ffffff;\ntransition:all 0.4s ease-in-out;\n}\n#top #wrap_all .avia-button.av-9k02u-948dee1e5e1dbf7393917a3f31684b02:hover{\ncolor:#ffffff;\ntransition:all 0.4s ease-in-out;\n}\n<\/style>\n<a href='https:\/\/www.monteure-auf-zeit.de\/home\/kontakt\/' class='avia-color-theme-color avia-button avia-button-fullwidth av-9k02u-948dee1e5e1dbf7393917a3f31684b02 avia-icon_select-yes-left-icon avia-color-theme-color'   aria-label=\"Hier geht\u2019s zum ersten Kontakt!\"><span class='avia_button_icon avia_button_icon_left' aria-hidden='true' data-av_icon='\ue80b' data-av_iconfont='entypo-fontello'><\/span><span class='avia_iconbox_title' >Hier geht\u2019s zum ersten Kontakt!<\/span><span class='avia_button_background avia-button avia-button-fullwidth avia-color-theme-color-highlight'><\/span><\/a><\/div><\/div>\n<\/div><\/div><\/div><!-- close content main div --><\/div><\/div><\/div><div id='after_section_2'  class='main_color av_default_container_wrap container_wrap sidebar_right'  ><div class='container av-section-cont-open' ><div class='template-page content  av-content-small alpha units'><div class='post-entry post-entry-type-page post-entry-766'><div class='entry-content-wrapper clearfix'><\/p>\n","protected":false},"excerpt":{"rendered":"","protected":false},"author":1,"featured_media":0,"parent":764,"menu_order":0,"comment_status":"closed","ping_status":"closed","template":"","meta":{"footnotes":""},"class_list":["post-766","page","type-page","status-publish","hentry"],"yoast_head":"<!-- This site is optimized with the Yoast SEO plugin v27.1.1 - https:\/\/yoast.com\/product\/yoast-seo-wordpress\/ -->\n<title>Pfosten-Riegel-Konstruktionen | Erfahrene Monteure | kurzfristig einsatzbereit<\/title>\n<meta name=\"description\" content=\"Pfosten-Riegel-Konstruktionen Montageteams f\u00fcr Metall-, Fassaden- und Paneelbau sowie K\u00fchlraumbau \u2013 \u2713erfahren \u2713pr\u00e4zise \u2713bundesweit kurzfristig einsatzbereit.\" \/>\n<meta name=\"robots\" content=\"index, follow, max-snippet:-1, max-image-preview:large, max-video-preview:-1\" \/>\n<link rel=\"canonical\" href=\"https:\/\/www.monteure-auf-zeit.de\/home\/leistungen\/industrieverglasung\/pfosten-riegel-konstruktionen\/\" \/>\n<meta property=\"og:locale\" content=\"de_DE\" \/>\n<meta property=\"og:type\" content=\"article\" \/>\n<meta property=\"og:title\" content=\"Pfosten-Riegel-Konstruktionen | Erfahrene Monteure | kurzfristig einsatzbereit\" \/>\n<meta property=\"og:description\" content=\"Pfosten-Riegel-Konstruktionen Montageteams f\u00fcr Metall-, Fassaden- und Paneelbau sowie K\u00fchlraumbau \u2013 \u2713erfahren \u2713pr\u00e4zise \u2713bundesweit kurzfristig einsatzbereit.\" \/>\n<meta property=\"og:url\" content=\"https:\/\/www.monteure-auf-zeit.de\/home\/leistungen\/industrieverglasung\/pfosten-riegel-konstruktionen\/\" \/>\n<meta property=\"og:site_name\" content=\"Pientka Monteure auf Zeit\" \/>\n<meta property=\"article:modified_time\" content=\"2026-03-12T08:18:47+00:00\" \/>\n<meta name=\"twitter:card\" content=\"summary_large_image\" \/>\n<meta name=\"twitter:label1\" content=\"Gesch\u00e4tzte Lesezeit\" \/>\n\t<meta name=\"twitter:data1\" content=\"16\u00a0Minuten\" \/>\n<script type=\"application\/ld+json\" class=\"yoast-schema-graph\">{\"@context\":\"https:\/\/schema.org\",\"@graph\":[{\"@type\":\"WebPage\",\"@id\":\"https:\/\/www.monteure-auf-zeit.de\/home\/leistungen\/industrieverglasung\/pfosten-riegel-konstruktionen\/\",\"url\":\"https:\/\/www.monteure-auf-zeit.de\/home\/leistungen\/industrieverglasung\/pfosten-riegel-konstruktionen\/\",\"name\":\"Pfosten-Riegel-Konstruktionen | Erfahrene Monteure | kurzfristig einsatzbereit\",\"isPartOf\":{\"@id\":\"https:\/\/www.monteure-auf-zeit.de\/home\/#website\"},\"datePublished\":\"2026-03-03T07:20:57+00:00\",\"dateModified\":\"2026-03-12T08:18:47+00:00\",\"description\":\"Pfosten-Riegel-Konstruktionen Montageteams f\u00fcr Metall-, Fassaden- und Paneelbau sowie K\u00fchlraumbau \u2013 \u2713erfahren \u2713pr\u00e4zise \u2713bundesweit kurzfristig einsatzbereit.\",\"breadcrumb\":{\"@id\":\"https:\/\/www.monteure-auf-zeit.de\/home\/leistungen\/industrieverglasung\/pfosten-riegel-konstruktionen\/#breadcrumb\"},\"inLanguage\":\"de\",\"potentialAction\":[{\"@type\":\"ReadAction\",\"target\":[\"https:\/\/www.monteure-auf-zeit.de\/home\/leistungen\/industrieverglasung\/pfosten-riegel-konstruktionen\/\"]}]},{\"@type\":\"BreadcrumbList\",\"@id\":\"https:\/\/www.monteure-auf-zeit.de\/home\/leistungen\/industrieverglasung\/pfosten-riegel-konstruktionen\/#breadcrumb\",\"itemListElement\":[{\"@type\":\"ListItem\",\"position\":1,\"name\":\"Start\",\"item\":\"https:\/\/www.monteure-auf-zeit.de\/home\/home\/\"},{\"@type\":\"ListItem\",\"position\":2,\"name\":\"Leistungen\",\"item\":\"https:\/\/www.monteure-auf-zeit.de\/home\/leistungen\/\"},{\"@type\":\"ListItem\",\"position\":3,\"name\":\"Industrieverglasung\",\"item\":\"https:\/\/www.monteure-auf-zeit.de\/home\/leistungen\/industrieverglasung\/\"},{\"@type\":\"ListItem\",\"position\":4,\"name\":\"Pfosten-Riegel-Konstruktionen\"}]},{\"@type\":\"WebSite\",\"@id\":\"https:\/\/www.monteure-auf-zeit.de\/home\/#website\",\"url\":\"https:\/\/www.monteure-auf-zeit.de\/home\/\",\"name\":\"Pientka Monteure auf Zeit\",\"description\":\"Erfahrene Monteure deutschlandweit kurzfristig einsatzbereit\",\"publisher\":{\"@id\":\"https:\/\/www.monteure-auf-zeit.de\/home\/#organization\"},\"potentialAction\":[{\"@type\":\"SearchAction\",\"target\":{\"@type\":\"EntryPoint\",\"urlTemplate\":\"https:\/\/www.monteure-auf-zeit.de\/home\/?s={search_term_string}\"},\"query-input\":{\"@type\":\"PropertyValueSpecification\",\"valueRequired\":true,\"valueName\":\"search_term_string\"}}],\"inLanguage\":\"de\"},{\"@type\":\"Organization\",\"@id\":\"https:\/\/www.monteure-auf-zeit.de\/home\/#organization\",\"name\":\"Pientka Monteure auf Zeit\",\"url\":\"https:\/\/www.monteure-auf-zeit.de\/home\/\",\"logo\":{\"@type\":\"ImageObject\",\"inLanguage\":\"de\",\"@id\":\"https:\/\/www.monteure-auf-zeit.de\/home\/#\/schema\/logo\/image\/\",\"url\":\"https:\/\/www.monteure-auf-zeit.de\/home\/wp-content\/uploads\/2022\/03\/logo_zeit_abstand.png\",\"contentUrl\":\"https:\/\/www.monteure-auf-zeit.de\/home\/wp-content\/uploads\/2022\/03\/logo_zeit_abstand.png\",\"width\":703,\"height\":674,\"caption\":\"Pientka Monteure auf Zeit\"},\"image\":{\"@id\":\"https:\/\/www.monteure-auf-zeit.de\/home\/#\/schema\/logo\/image\/\"}}]}<\/script>\n<!-- \/ Yoast SEO plugin. -->","yoast_head_json":{"title":"Pfosten-Riegel-Konstruktionen | Erfahrene Monteure | kurzfristig einsatzbereit","description":"Pfosten-Riegel-Konstruktionen Montageteams f\u00fcr Metall-, Fassaden- und Paneelbau sowie K\u00fchlraumbau \u2013 \u2713erfahren \u2713pr\u00e4zise \u2713bundesweit kurzfristig einsatzbereit.","robots":{"index":"index","follow":"follow","max-snippet":"max-snippet:-1","max-image-preview":"max-image-preview:large","max-video-preview":"max-video-preview:-1"},"canonical":"https:\/\/www.monteure-auf-zeit.de\/home\/leistungen\/industrieverglasung\/pfosten-riegel-konstruktionen\/","og_locale":"de_DE","og_type":"article","og_title":"Pfosten-Riegel-Konstruktionen | Erfahrene Monteure | kurzfristig einsatzbereit","og_description":"Pfosten-Riegel-Konstruktionen Montageteams f\u00fcr Metall-, Fassaden- und Paneelbau sowie K\u00fchlraumbau \u2013 \u2713erfahren \u2713pr\u00e4zise \u2713bundesweit kurzfristig einsatzbereit.","og_url":"https:\/\/www.monteure-auf-zeit.de\/home\/leistungen\/industrieverglasung\/pfosten-riegel-konstruktionen\/","og_site_name":"Pientka Monteure auf Zeit","article_modified_time":"2026-03-12T08:18:47+00:00","twitter_card":"summary_large_image","twitter_misc":{"Gesch\u00e4tzte Lesezeit":"16\u00a0Minuten"},"schema":{"@context":"https:\/\/schema.org","@graph":[{"@type":"WebPage","@id":"https:\/\/www.monteure-auf-zeit.de\/home\/leistungen\/industrieverglasung\/pfosten-riegel-konstruktionen\/","url":"https:\/\/www.monteure-auf-zeit.de\/home\/leistungen\/industrieverglasung\/pfosten-riegel-konstruktionen\/","name":"Pfosten-Riegel-Konstruktionen | Erfahrene Monteure | kurzfristig einsatzbereit","isPartOf":{"@id":"https:\/\/www.monteure-auf-zeit.de\/home\/#website"},"datePublished":"2026-03-03T07:20:57+00:00","dateModified":"2026-03-12T08:18:47+00:00","description":"Pfosten-Riegel-Konstruktionen Montageteams f\u00fcr Metall-, Fassaden- und Paneelbau sowie K\u00fchlraumbau \u2013 \u2713erfahren \u2713pr\u00e4zise \u2713bundesweit kurzfristig einsatzbereit.","breadcrumb":{"@id":"https:\/\/www.monteure-auf-zeit.de\/home\/leistungen\/industrieverglasung\/pfosten-riegel-konstruktionen\/#breadcrumb"},"inLanguage":"de","potentialAction":[{"@type":"ReadAction","target":["https:\/\/www.monteure-auf-zeit.de\/home\/leistungen\/industrieverglasung\/pfosten-riegel-konstruktionen\/"]}]},{"@type":"BreadcrumbList","@id":"https:\/\/www.monteure-auf-zeit.de\/home\/leistungen\/industrieverglasung\/pfosten-riegel-konstruktionen\/#breadcrumb","itemListElement":[{"@type":"ListItem","position":1,"name":"Start","item":"https:\/\/www.monteure-auf-zeit.de\/home\/home\/"},{"@type":"ListItem","position":2,"name":"Leistungen","item":"https:\/\/www.monteure-auf-zeit.de\/home\/leistungen\/"},{"@type":"ListItem","position":3,"name":"Industrieverglasung","item":"https:\/\/www.monteure-auf-zeit.de\/home\/leistungen\/industrieverglasung\/"},{"@type":"ListItem","position":4,"name":"Pfosten-Riegel-Konstruktionen"}]},{"@type":"WebSite","@id":"https:\/\/www.monteure-auf-zeit.de\/home\/#website","url":"https:\/\/www.monteure-auf-zeit.de\/home\/","name":"Pientka Monteure auf Zeit","description":"Erfahrene Monteure deutschlandweit kurzfristig einsatzbereit","publisher":{"@id":"https:\/\/www.monteure-auf-zeit.de\/home\/#organization"},"potentialAction":[{"@type":"SearchAction","target":{"@type":"EntryPoint","urlTemplate":"https:\/\/www.monteure-auf-zeit.de\/home\/?s={search_term_string}"},"query-input":{"@type":"PropertyValueSpecification","valueRequired":true,"valueName":"search_term_string"}}],"inLanguage":"de"},{"@type":"Organization","@id":"https:\/\/www.monteure-auf-zeit.de\/home\/#organization","name":"Pientka Monteure auf Zeit","url":"https:\/\/www.monteure-auf-zeit.de\/home\/","logo":{"@type":"ImageObject","inLanguage":"de","@id":"https:\/\/www.monteure-auf-zeit.de\/home\/#\/schema\/logo\/image\/","url":"https:\/\/www.monteure-auf-zeit.de\/home\/wp-content\/uploads\/2022\/03\/logo_zeit_abstand.png","contentUrl":"https:\/\/www.monteure-auf-zeit.de\/home\/wp-content\/uploads\/2022\/03\/logo_zeit_abstand.png","width":703,"height":674,"caption":"Pientka Monteure auf Zeit"},"image":{"@id":"https:\/\/www.monteure-auf-zeit.de\/home\/#\/schema\/logo\/image\/"}}]}},"_links":{"self":[{"href":"https:\/\/www.monteure-auf-zeit.de\/home\/wp-json\/wp\/v2\/pages\/766","targetHints":{"allow":["GET"]}}],"collection":[{"href":"https:\/\/www.monteure-auf-zeit.de\/home\/wp-json\/wp\/v2\/pages"}],"about":[{"href":"https:\/\/www.monteure-auf-zeit.de\/home\/wp-json\/wp\/v2\/types\/page"}],"author":[{"embeddable":true,"href":"https:\/\/www.monteure-auf-zeit.de\/home\/wp-json\/wp\/v2\/users\/1"}],"replies":[{"embeddable":true,"href":"https:\/\/www.monteure-auf-zeit.de\/home\/wp-json\/wp\/v2\/comments?post=766"}],"version-history":[{"count":3,"href":"https:\/\/www.monteure-auf-zeit.de\/home\/wp-json\/wp\/v2\/pages\/766\/revisions"}],"predecessor-version":[{"id":1174,"href":"https:\/\/www.monteure-auf-zeit.de\/home\/wp-json\/wp\/v2\/pages\/766\/revisions\/1174"}],"up":[{"embeddable":true,"href":"https:\/\/www.monteure-auf-zeit.de\/home\/wp-json\/wp\/v2\/pages\/764"}],"wp:attachment":[{"href":"https:\/\/www.monteure-auf-zeit.de\/home\/wp-json\/wp\/v2\/media?parent=766"}],"curies":[{"name":"wp","href":"https:\/\/api.w.org\/{rel}","templated":true}]}}