{"id":746,"date":"2026-03-03T07:14:01","date_gmt":"2026-03-03T07:14:01","guid":{"rendered":"https:\/\/www.monteure-auf-zeit.de\/home\/?page_id=746"},"modified":"2026-03-12T06:28:19","modified_gmt":"2026-03-12T06:28:19","slug":"qualifikation-sicherheit","status":"publish","type":"page","link":"https:\/\/www.monteure-auf-zeit.de\/home\/monteure\/qualifikation-sicherheit\/","title":{"rendered":"Qualifikation &#038; Sicherheit"},"content":{"rendered":"<div id='av_section_1'  class='avia-section av-226ov6-57e040140d99f3bb5facb353d2c61350 main_color avia-section-default avia-no-border-styling  avia-builder-el-0  el_before_av_section  avia-builder-el-first  avia-bg-style-scroll container_wrap sidebar_right'  ><div class='container av-section-cont-open' ><main  role=\"main\" itemprop=\"mainContentOfPage\"  class='template-page content  av-content-small alpha units'><div class='post-entry post-entry-type-page post-entry-746'><div class='entry-content-wrapper clearfix'>\n<div  class='flex_column av-1vcfwa-5d7667b41f1ad420707c2dd401d399ac av_one_full  avia-builder-el-1  avia-builder-el-no-sibling  first flex_column_div  '     ><section  class='av_textblock_section av-mmn35nyo-100e00aa7a0d71bbc28c74d288147d17 '   itemscope=\"itemscope\" itemtype=\"https:\/\/schema.org\/CreativeWork\" ><div class='avia_textblock'  itemprop=\"text\" ><h1>Qualifikation &amp; Sicherheit<\/h1>\n<p>Montagearbeiten im Metall-, Fassaden- und Paneelbau erfordern Erfahrung, pr\u00e4zises Arbeiten und ein hohes Ma\u00df an Sicherheitsbewusstsein. Unsere Montageteams verf\u00fcgen \u00fcber umfangreiche Erfahrung auf Baustellen im Hallenbau, Anlagenbau sowie bei Industrie- und Gewerbeprojekten. Durch die regelm\u00e4\u00dfige Arbeit auf technisch anspruchsvollen Baustellen sind unsere Monteure mit den Anforderungen moderner Bauprojekte vertraut.<\/p>\n<p>Unsere Monteure arbeiten auf Grundlage technischer Zeichnungen, Montagepl\u00e4ne und projektspezifischer Vorgaben. Dazu geh\u00f6ren unter anderem Fassadenkonstruktionen, Paneelsysteme f\u00fcr Dach- und Wandkonstruktionen, Industrieverglasungen sowie Montagearbeiten im K\u00fchlraumbau. Eine sorgf\u00e4ltige Umsetzung der technischen Planung sowie eine strukturierte Arbeitsweise sind dabei entscheidend f\u00fcr eine zuverl\u00e4ssige Montage.<\/p>\n<p>Alle unsere Montageteams bestehen aus erfahrenen Monteuren, die regelm\u00e4\u00dfig auf Gro\u00dfbaustellen eingesetzt werden. Die Zusammenarbeit innerhalb der Teams sorgt f\u00fcr abgestimmte Arbeitsabl\u00e4ufe und eine strukturierte Umsetzung der jeweiligen Montagearbeiten.<\/p>\n<h2>Erfahrung auf Baustellen<\/h2>\n<p>Unsere Monteure verf\u00fcgen \u00fcber Erfahrung in unterschiedlichen Projektumgebungen \u2013 von Fassadenmontagen \u00fcber Hallenbauprojekte bis hin zu technischen Anlagenbereichen. Diese Erfahrung erm\u00f6glicht es unseren Teams, sich schnell in bestehende Baustellenstrukturen zu integrieren und effizient mit anderen Gewerken zusammenzuarbeiten.<\/p>\n<p>Durch die regelm\u00e4\u00dfige Zusammenarbeit mit Bauunternehmen, Metallbauunternehmen, Fassadenbauern und Anlagenbauern sammeln unsere Monteure kontinuierlich Erfahrung in unterschiedlichen Montagebereichen.<\/p>\n<h2>Arbeitssicherheit auf der Baustelle<\/h2>\n<p>Arbeitssicherheit hat auf Baustellen eine zentrale Bedeutung. Unsere Monteure arbeiten unter Ber\u00fccksichtigung der jeweiligen Baustellenvorschriften und Sicherheitsanforderungen. Dazu geh\u00f6rt unter anderem der sichere Umgang mit Montageequipment, die Nutzung pers\u00f6nlicher Schutzausr\u00fcstung sowie die Einhaltung der jeweiligen Sicherheitsrichtlinien auf der Baustelle.<\/p>\n<p>Durch ihre Erfahrung auf Industrie- und Gro\u00dfbaustellen sind unsere Montageteams mit den typischen Arbeitsbedingungen solcher Projekte vertraut. Dazu geh\u00f6ren Arbeiten auf Hubarbeitsb\u00fchnen, Arbeiten in gr\u00f6\u00dferen H\u00f6hen sowie Montagearbeiten an gro\u00dffl\u00e4chigen Fassaden- oder Hallenkonstruktionen.<\/p>\n<h2>Strukturierte Arbeitsweise<\/h2>\n<p>Eine strukturierte Vorgehensweise ist ein wichtiger Bestandteil unserer Montagearbeiten. Unsere Teams arbeiten nach klar definierten Montageabl\u00e4ufen und stimmen sich mit Bauleitung und anderen Gewerken auf der Baustelle ab.<\/p>\n<p>Diese strukturierte Arbeitsweise tr\u00e4gt dazu bei, dass Montagearbeiten zuverl\u00e4ssig umgesetzt werden k\u00f6nnen und sich unsere Teams effizient in bestehende Bauprojekte integrieren.<\/p>\n<\/div><\/section><\/div><\/div><\/div><\/main><!-- close content main element --><\/div><\/div>\n<style type=\"text\/css\" data-created_by=\"avia_inline_auto\" id=\"style-css-av-sjx7e-7e4a7ff7fc06a69fbe363bf281a05afa\">\n.avia-section.av-sjx7e-7e4a7ff7fc06a69fbe363bf281a05afa{\nposition:relative;\n}\n.avia-section.av-sjx7e-7e4a7ff7fc06a69fbe363bf281a05afa .av-parallax .av-parallax-inner{\nbackground-repeat:no-repeat;\nbackground-image:url(https:\/\/www.monteure-auf-zeit.de\/home\/wp-content\/uploads\/2022\/03\/AdobeStock_43086186.jpeg);\nbackground-position:50% 50%;\nbackground-attachment:scroll;\n}\n.avia-section.av-sjx7e-7e4a7ff7fc06a69fbe363bf281a05afa .av-section-color-overlay{\nopacity:0.5;\nbackground-color:#000000;\n}\n.avia-section.av-sjx7e-7e4a7ff7fc06a69fbe363bf281a05afa .avia-divider-svg-top svg{\nheight:50px;\nwidth:calc(100% + 1.3px);\nfill:#ffffff;\n}\n<\/style>\n<div id='av_section_2'  class='avia-section av-sjx7e-7e4a7ff7fc06a69fbe363bf281a05afa main_color avia-section-default avia-no-border-styling  avia-builder-el-3  el_after_av_section  avia-builder-el-last  avia-full-stretch av-parallax-section avia-bg-style-parallax av-section-color-overlay-active av-minimum-height av-minimum-height-50 av-height-50  container_wrap sidebar_right'  data-section-bg-repeat='stretch' data-av_minimum_height_pc='50' data-av_min_height_opt='50'><div class='avia-divider-svg avia-divider-svg-curve avia-divider-svg-top avia-to-front avia-svg-original'><svg xmlns=\"http:\/\/www.w3.org\/2000\/svg\" viewBox=\"0 0 1000 100\" preserveAspectRatio=\"none\">\n    <path d=\"M1000,4.3V0H0v4.3C0.9,23.1,126.7,99.2,500,100S1000,22.7,1000,4.3z\"\/>\n<\/svg><\/div><div class='av-parallax' data-avia-parallax-ratio='0.3' ><div class='av-parallax-inner main_color avia-full-stretch'><\/div><\/div><div class=\"av-section-color-overlay-wrap\"><div class=\"av-section-color-overlay\"><\/div><div class='container av-section-cont-open' ><div class='template-page content  av-content-small alpha units'><div class='post-entry post-entry-type-page post-entry-746'><div class='entry-content-wrapper clearfix'>\n\n<style type=\"text\/css\" data-created_by=\"avia_inline_auto\" id=\"style-css-av-l3t76-255f0dde0661687c2759430cbb9aa142\">\n.flex_column.av-l3t76-255f0dde0661687c2759430cbb9aa142{\nborder-radius:0px 0px 0px 0px;\npadding:0px 0px 0px 0px;\n}\n<\/style>\n<div  class='flex_column av-l3t76-255f0dde0661687c2759430cbb9aa142 av_one_fifth  avia-builder-el-4  el_before_av_three_fifth  avia-builder-el-first  first flex_column_div av-zero-column-padding  '     ><\/div>\n<style type=\"text\/css\" data-created_by=\"avia_inline_auto\" id=\"style-css-av-gxr6y-abb8573e91f3328ef604947879a3ce95\">\n.flex_column.av-gxr6y-abb8573e91f3328ef604947879a3ce95{\nborder-radius:0px 0px 0px 0px;\npadding:0px 0px 0px 0px;\n}\n<\/style>\n<div  class='flex_column av-gxr6y-abb8573e91f3328ef604947879a3ce95 av_three_fifth  avia-builder-el-5  el_after_av_one_fifth  avia-builder-el-last  flex_column_div av-zero-column-padding  '     ><div  class='avia-button-wrap avia-button-center  avia-builder-el-6  avia-builder-el-no-sibling '>\n<style type=\"text\/css\" data-created_by=\"avia_inline_auto\" id=\"style-css-av-8u1ne-0f4655b1dee3ed0e716a36f732bcb2a2\">\n#top #wrap_all .avia-button.av-8u1ne-0f4655b1dee3ed0e716a36f732bcb2a2{\ncolor:#ffffff;\ntransition:all 0.4s ease-in-out;\n}\n#top #wrap_all .avia-button.av-8u1ne-0f4655b1dee3ed0e716a36f732bcb2a2:hover{\ncolor:#ffffff;\ntransition:all 0.4s ease-in-out;\n}\n<\/style>\n<a href='https:\/\/www.monteure-auf-zeit.de\/home\/kontakt\/' class='avia-color-theme-color avia-button avia-button-fullwidth av-8u1ne-0f4655b1dee3ed0e716a36f732bcb2a2 avia-icon_select-yes-left-icon avia-color-theme-color'   aria-label=\"Hier geht\u2019s zum ersten Kontakt!\"><span class='avia_button_icon avia_button_icon_left' aria-hidden='true' data-av_icon='\ue80b' data-av_iconfont='entypo-fontello'><\/span><span class='avia_iconbox_title' >Hier geht\u2019s zum ersten Kontakt!<\/span><span class='avia_button_background avia-button avia-button-fullwidth avia-color-theme-color-highlight'><\/span><\/a><\/div><\/div>\n<\/div><\/div><\/div><!-- close content main div --><\/div><\/div><\/div><div id='after_section_2'  class='main_color av_default_container_wrap container_wrap sidebar_right'  ><div class='container av-section-cont-open' ><div class='template-page content  av-content-small alpha units'><div class='post-entry post-entry-type-page post-entry-746'><div class='entry-content-wrapper clearfix'><\/p>\n","protected":false},"excerpt":{"rendered":"","protected":false},"author":1,"featured_media":0,"parent":736,"menu_order":0,"comment_status":"closed","ping_status":"closed","template":"","meta":{"footnotes":""},"class_list":["post-746","page","type-page","status-publish","hentry"],"yoast_head":"<!-- This site is optimized with the Yoast SEO plugin v27.1.1 - https:\/\/yoast.com\/product\/yoast-seo-wordpress\/ -->\n<title>Qualifikation &amp; Sicherheit | Erfahrene Monteure | kurzfristig einsatzbereit<\/title>\n<meta name=\"description\" content=\"Qualifikation &amp; Sicherheit Montageteams f\u00fcr Metall-, Fassaden- und Paneelbau sowie K\u00fchlraumbau \u2013 \u2713erfahren \u2713pr\u00e4zise \u2713bundesweit kurzfristig einsatzbereit.\" \/>\n<meta name=\"robots\" content=\"index, follow, max-snippet:-1, max-image-preview:large, max-video-preview:-1\" \/>\n<link rel=\"canonical\" href=\"https:\/\/www.monteure-auf-zeit.de\/home\/monteure\/qualifikation-sicherheit\/\" \/>\n<meta property=\"og:locale\" content=\"de_DE\" \/>\n<meta property=\"og:type\" content=\"article\" \/>\n<meta property=\"og:title\" content=\"Qualifikation &amp; Sicherheit | Erfahrene Monteure | kurzfristig einsatzbereit\" \/>\n<meta property=\"og:description\" content=\"Qualifikation &amp; Sicherheit Montageteams f\u00fcr Metall-, Fassaden- und Paneelbau sowie K\u00fchlraumbau \u2013 \u2713erfahren \u2713pr\u00e4zise \u2713bundesweit kurzfristig einsatzbereit.\" \/>\n<meta property=\"og:url\" content=\"https:\/\/www.monteure-auf-zeit.de\/home\/monteure\/qualifikation-sicherheit\/\" \/>\n<meta property=\"og:site_name\" content=\"Pientka Monteure auf Zeit\" \/>\n<meta property=\"article:modified_time\" content=\"2026-03-12T06:28:19+00:00\" \/>\n<meta name=\"twitter:card\" content=\"summary_large_image\" \/>\n<meta name=\"twitter:label1\" content=\"Gesch\u00e4tzte Lesezeit\" \/>\n\t<meta name=\"twitter:data1\" content=\"10\u00a0Minuten\" \/>\n<script type=\"application\/ld+json\" class=\"yoast-schema-graph\">{\"@context\":\"https:\/\/schema.org\",\"@graph\":[{\"@type\":\"WebPage\",\"@id\":\"https:\/\/www.monteure-auf-zeit.de\/home\/monteure\/qualifikation-sicherheit\/\",\"url\":\"https:\/\/www.monteure-auf-zeit.de\/home\/monteure\/qualifikation-sicherheit\/\",\"name\":\"Qualifikation & Sicherheit | Erfahrene Monteure | kurzfristig einsatzbereit\",\"isPartOf\":{\"@id\":\"https:\/\/www.monteure-auf-zeit.de\/home\/#website\"},\"datePublished\":\"2026-03-03T07:14:01+00:00\",\"dateModified\":\"2026-03-12T06:28:19+00:00\",\"description\":\"Qualifikation & Sicherheit Montageteams f\u00fcr Metall-, Fassaden- und Paneelbau sowie K\u00fchlraumbau \u2013 \u2713erfahren \u2713pr\u00e4zise \u2713bundesweit kurzfristig einsatzbereit.\",\"breadcrumb\":{\"@id\":\"https:\/\/www.monteure-auf-zeit.de\/home\/monteure\/qualifikation-sicherheit\/#breadcrumb\"},\"inLanguage\":\"de\",\"potentialAction\":[{\"@type\":\"ReadAction\",\"target\":[\"https:\/\/www.monteure-auf-zeit.de\/home\/monteure\/qualifikation-sicherheit\/\"]}]},{\"@type\":\"BreadcrumbList\",\"@id\":\"https:\/\/www.monteure-auf-zeit.de\/home\/monteure\/qualifikation-sicherheit\/#breadcrumb\",\"itemListElement\":[{\"@type\":\"ListItem\",\"position\":1,\"name\":\"Start\",\"item\":\"https:\/\/www.monteure-auf-zeit.de\/home\/home\/\"},{\"@type\":\"ListItem\",\"position\":2,\"name\":\"Monteure\",\"item\":\"https:\/\/www.monteure-auf-zeit.de\/home\/monteure\/\"},{\"@type\":\"ListItem\",\"position\":3,\"name\":\"Qualifikation &#038; Sicherheit\"}]},{\"@type\":\"WebSite\",\"@id\":\"https:\/\/www.monteure-auf-zeit.de\/home\/#website\",\"url\":\"https:\/\/www.monteure-auf-zeit.de\/home\/\",\"name\":\"Pientka Monteure auf Zeit\",\"description\":\"Erfahrene Monteure deutschlandweit kurzfristig einsatzbereit\",\"publisher\":{\"@id\":\"https:\/\/www.monteure-auf-zeit.de\/home\/#organization\"},\"potentialAction\":[{\"@type\":\"SearchAction\",\"target\":{\"@type\":\"EntryPoint\",\"urlTemplate\":\"https:\/\/www.monteure-auf-zeit.de\/home\/?s={search_term_string}\"},\"query-input\":{\"@type\":\"PropertyValueSpecification\",\"valueRequired\":true,\"valueName\":\"search_term_string\"}}],\"inLanguage\":\"de\"},{\"@type\":\"Organization\",\"@id\":\"https:\/\/www.monteure-auf-zeit.de\/home\/#organization\",\"name\":\"Pientka Monteure auf Zeit\",\"url\":\"https:\/\/www.monteure-auf-zeit.de\/home\/\",\"logo\":{\"@type\":\"ImageObject\",\"inLanguage\":\"de\",\"@id\":\"https:\/\/www.monteure-auf-zeit.de\/home\/#\/schema\/logo\/image\/\",\"url\":\"https:\/\/www.monteure-auf-zeit.de\/home\/wp-content\/uploads\/2022\/03\/logo_zeit_abstand.png\",\"contentUrl\":\"https:\/\/www.monteure-auf-zeit.de\/home\/wp-content\/uploads\/2022\/03\/logo_zeit_abstand.png\",\"width\":703,\"height\":674,\"caption\":\"Pientka Monteure auf Zeit\"},\"image\":{\"@id\":\"https:\/\/www.monteure-auf-zeit.de\/home\/#\/schema\/logo\/image\/\"}}]}<\/script>\n<!-- \/ Yoast SEO plugin. -->","yoast_head_json":{"title":"Qualifikation & Sicherheit | Erfahrene Monteure | kurzfristig einsatzbereit","description":"Qualifikation & Sicherheit Montageteams f\u00fcr Metall-, Fassaden- und Paneelbau sowie K\u00fchlraumbau \u2013 \u2713erfahren \u2713pr\u00e4zise \u2713bundesweit kurzfristig einsatzbereit.","robots":{"index":"index","follow":"follow","max-snippet":"max-snippet:-1","max-image-preview":"max-image-preview:large","max-video-preview":"max-video-preview:-1"},"canonical":"https:\/\/www.monteure-auf-zeit.de\/home\/monteure\/qualifikation-sicherheit\/","og_locale":"de_DE","og_type":"article","og_title":"Qualifikation & Sicherheit | Erfahrene Monteure | kurzfristig einsatzbereit","og_description":"Qualifikation & Sicherheit Montageteams f\u00fcr Metall-, Fassaden- und Paneelbau sowie K\u00fchlraumbau \u2013 \u2713erfahren \u2713pr\u00e4zise \u2713bundesweit kurzfristig einsatzbereit.","og_url":"https:\/\/www.monteure-auf-zeit.de\/home\/monteure\/qualifikation-sicherheit\/","og_site_name":"Pientka Monteure auf Zeit","article_modified_time":"2026-03-12T06:28:19+00:00","twitter_card":"summary_large_image","twitter_misc":{"Gesch\u00e4tzte Lesezeit":"10\u00a0Minuten"},"schema":{"@context":"https:\/\/schema.org","@graph":[{"@type":"WebPage","@id":"https:\/\/www.monteure-auf-zeit.de\/home\/monteure\/qualifikation-sicherheit\/","url":"https:\/\/www.monteure-auf-zeit.de\/home\/monteure\/qualifikation-sicherheit\/","name":"Qualifikation & Sicherheit | Erfahrene Monteure | kurzfristig einsatzbereit","isPartOf":{"@id":"https:\/\/www.monteure-auf-zeit.de\/home\/#website"},"datePublished":"2026-03-03T07:14:01+00:00","dateModified":"2026-03-12T06:28:19+00:00","description":"Qualifikation & Sicherheit Montageteams f\u00fcr Metall-, Fassaden- und Paneelbau sowie K\u00fchlraumbau \u2013 \u2713erfahren \u2713pr\u00e4zise \u2713bundesweit kurzfristig einsatzbereit.","breadcrumb":{"@id":"https:\/\/www.monteure-auf-zeit.de\/home\/monteure\/qualifikation-sicherheit\/#breadcrumb"},"inLanguage":"de","potentialAction":[{"@type":"ReadAction","target":["https:\/\/www.monteure-auf-zeit.de\/home\/monteure\/qualifikation-sicherheit\/"]}]},{"@type":"BreadcrumbList","@id":"https:\/\/www.monteure-auf-zeit.de\/home\/monteure\/qualifikation-sicherheit\/#breadcrumb","itemListElement":[{"@type":"ListItem","position":1,"name":"Start","item":"https:\/\/www.monteure-auf-zeit.de\/home\/home\/"},{"@type":"ListItem","position":2,"name":"Monteure","item":"https:\/\/www.monteure-auf-zeit.de\/home\/monteure\/"},{"@type":"ListItem","position":3,"name":"Qualifikation &#038; Sicherheit"}]},{"@type":"WebSite","@id":"https:\/\/www.monteure-auf-zeit.de\/home\/#website","url":"https:\/\/www.monteure-auf-zeit.de\/home\/","name":"Pientka Monteure auf Zeit","description":"Erfahrene Monteure deutschlandweit kurzfristig einsatzbereit","publisher":{"@id":"https:\/\/www.monteure-auf-zeit.de\/home\/#organization"},"potentialAction":[{"@type":"SearchAction","target":{"@type":"EntryPoint","urlTemplate":"https:\/\/www.monteure-auf-zeit.de\/home\/?s={search_term_string}"},"query-input":{"@type":"PropertyValueSpecification","valueRequired":true,"valueName":"search_term_string"}}],"inLanguage":"de"},{"@type":"Organization","@id":"https:\/\/www.monteure-auf-zeit.de\/home\/#organization","name":"Pientka Monteure auf Zeit","url":"https:\/\/www.monteure-auf-zeit.de\/home\/","logo":{"@type":"ImageObject","inLanguage":"de","@id":"https:\/\/www.monteure-auf-zeit.de\/home\/#\/schema\/logo\/image\/","url":"https:\/\/www.monteure-auf-zeit.de\/home\/wp-content\/uploads\/2022\/03\/logo_zeit_abstand.png","contentUrl":"https:\/\/www.monteure-auf-zeit.de\/home\/wp-content\/uploads\/2022\/03\/logo_zeit_abstand.png","width":703,"height":674,"caption":"Pientka Monteure auf Zeit"},"image":{"@id":"https:\/\/www.monteure-auf-zeit.de\/home\/#\/schema\/logo\/image\/"}}]}},"_links":{"self":[{"href":"https:\/\/www.monteure-auf-zeit.de\/home\/wp-json\/wp\/v2\/pages\/746","targetHints":{"allow":["GET"]}}],"collection":[{"href":"https:\/\/www.monteure-auf-zeit.de\/home\/wp-json\/wp\/v2\/pages"}],"about":[{"href":"https:\/\/www.monteure-auf-zeit.de\/home\/wp-json\/wp\/v2\/types\/page"}],"author":[{"embeddable":true,"href":"https:\/\/www.monteure-auf-zeit.de\/home\/wp-json\/wp\/v2\/users\/1"}],"replies":[{"embeddable":true,"href":"https:\/\/www.monteure-auf-zeit.de\/home\/wp-json\/wp\/v2\/comments?post=746"}],"version-history":[{"count":3,"href":"https:\/\/www.monteure-auf-zeit.de\/home\/wp-json\/wp\/v2\/pages\/746\/revisions"}],"predecessor-version":[{"id":1122,"href":"https:\/\/www.monteure-auf-zeit.de\/home\/wp-json\/wp\/v2\/pages\/746\/revisions\/1122"}],"up":[{"embeddable":true,"href":"https:\/\/www.monteure-auf-zeit.de\/home\/wp-json\/wp\/v2\/pages\/736"}],"wp:attachment":[{"href":"https:\/\/www.monteure-auf-zeit.de\/home\/wp-json\/wp\/v2\/media?parent=746"}],"curies":[{"name":"wp","href":"https:\/\/api.w.org\/{rel}","templated":true}]}}